Last updated on 2024-04-17 10:41:31 CEST.
Flavor | Version | Tinstall | Tcheck | Ttotal | Status | Flags |
---|---|---|---|---|---|---|
r-devel-linux-x86_64-debian-clang | 3.0-5 | 857.53 | 41.10 | 898.63 | NOTE | |
r-devel-linux-x86_64-debian-gcc | 3.0-5 | 877.17 | 28.28 | 905.45 | NOTE | |
r-devel-linux-x86_64-fedora-clang | 3.0-5 | 1468.57 | NOTE | |||
r-devel-linux-x86_64-fedora-gcc | 3.0-5 | 1698.91 | NOTE | |||
r-prerel-macos-arm64 | 3.0-5 | 355.00 | NOTE | |||
r-prerel-macos-x86_64 | 3.0-5 | 393.00 | NOTE | |||
r-prerel-windows-x86_64 | 3.0-5 | 1039.00 | 62.00 | 1101.00 | NOTE | |
r-patched-linux-x86_64 | 3.0-5 | 1032.76 | 36.81 | 1069.57 | NOTE | |
r-release-linux-x86_64 | 3.0-5 | 1016.69 | 36.80 | 1053.49 | NOTE | |
r-release-macos-arm64 | 3.0-5 | 395.00 | NOTE | |||
r-release-macos-x86_64 | 3.0-5 | 361.00 | NOTE | |||
r-release-windows-x86_64 | 3.0-5 | 1022.00 | 66.00 | 1088.00 | NOTE | |
r-oldrel-macos-arm64 | 3.0-5 | 385.00 | NOTE | |||
r-oldrel-windows-x86_64 | 3.0-5 | 1260.00 | 61.00 | 1321.00 | NOTE |
Version: 3.0-5
Check: for GNU extensions in Makefiles
Result: NOTE
GNU make is a SystemRequirements.
Flavors: r-devel-linux-x86_64-debian-clang, r-devel-linux-x86_64-debian-gcc, r-devel-linux-x86_64-fedora-clang, r-devel-linux-x86_64-fedora-gcc, r-prerel-macos-arm64, r-prerel-macos-x86_64, r-prerel-windows-x86_64, r-patched-linux-x86_64, r-release-linux-x86_64, r-release-macos-arm64, r-release-macos-x86_64, r-release-windows-x86_64, r-oldrel-macos-arm64, r-oldrel-windows-x86_64
Version: 3.0-5
Check: installed package size
Result: NOTE
installed size is 11.8Mb
sub-directories of 1Mb or more:
libs 11.7Mb
Flavors: r-devel-linux-x86_64-fedora-clang, r-prerel-macos-arm64, r-prerel-macos-x86_64, r-prerel-windows-x86_64, r-release-macos-arm64, r-release-macos-x86_64, r-release-windows-x86_64, r-oldrel-macos-arm64, r-oldrel-windows-x86_64