Last updated on 2022-06-27 11:50:37 CEST.
Flavor | Version | Tinstall | Tcheck | Ttotal | Status | Flags |
---|---|---|---|---|---|---|
r-devel-linux-x86_64-debian-clang | 3.0-2 | 915.97 | 39.56 | 955.53 | NOTE | |
r-devel-linux-x86_64-debian-gcc | 3.0-2 | 852.96 | 29.01 | 881.97 | NOTE | |
r-devel-linux-x86_64-fedora-clang | 3.0-2 | 1621.96 | NOTE | |||
r-devel-linux-x86_64-fedora-gcc | 3.0-2 | 1422.19 | NOTE | |||
r-devel-windows-x86_64 | 3.0-2 | 690.00 | 73.00 | 763.00 | NOTE | |
r-patched-linux-x86_64 | 3.0-2 | 874.73 | 36.11 | 910.84 | NOTE | |
r-release-linux-x86_64 | 3.0-2 | 886.17 | 36.61 | 922.78 | NOTE | |
r-release-macos-arm64 | 3.0-2 | 372.00 | NOTE | |||
r-release-macos-x86_64 | 3.0-2 | 458.00 | NOTE | |||
r-release-windows-x86_64 | 3.0-2 | 718.00 | 73.00 | 791.00 | NOTE | |
r-oldrel-macos-arm64 | 3.0-2 | 328.00 | NOTE | |||
r-oldrel-macos-x86_64 | 3.0-2 | 442.00 | NOTE | |||
r-oldrel-windows-ix86+x86_64 | 3.0-2 | 1944.00 | 74.00 | 2018.00 | NOTE |
Version: 3.0-2
Check: for GNU extensions in Makefiles
Result: NOTE
GNU make is a SystemRequirements.
Flavors: r-devel-linux-x86_64-debian-clang, r-devel-linux-x86_64-debian-gcc, r-devel-linux-x86_64-fedora-clang, r-devel-linux-x86_64-fedora-gcc, r-devel-windows-x86_64, r-patched-linux-x86_64, r-release-linux-x86_64, r-release-macos-arm64, r-release-macos-x86_64, r-release-windows-x86_64, r-oldrel-macos-arm64, r-oldrel-macos-x86_64, r-oldrel-windows-ix86+x86_64
Version: 3.0-2
Check: installed package size
Result: NOTE
installed size is 68.4Mb
sub-directories of 1Mb or more:
libs 68.3Mb
Flavors: r-devel-linux-x86_64-fedora-clang, r-devel-windows-x86_64, r-release-macos-arm64, r-release-macos-x86_64, r-release-windows-x86_64, r-oldrel-macos-arm64, r-oldrel-macos-x86_64, r-oldrel-windows-ix86+x86_64