Last updated on 2024-04-23 10:53:57 CEST.
Flavor | Version | Tinstall | Tcheck | Ttotal | Status | Flags |
---|---|---|---|---|---|---|
r-devel-linux-x86_64-debian-clang | 2.2.5 | 16.33 | 53.65 | 69.98 | OK | |
r-devel-linux-x86_64-debian-gcc | 2.2.5 | 16.41 | 39.12 | 55.53 | OK | |
r-devel-linux-x86_64-fedora-clang | 2.2.5 | 83.63 | NOTE | |||
r-devel-linux-x86_64-fedora-gcc | 2.2.5 | 90.42 | NOTE | |||
r-prerel-macos-arm64 | 2.2.5 | 27.00 | OK | |||
r-prerel-windows-x86_64 | 2.2.5 | 20.00 | 76.00 | 96.00 | OK | |
r-patched-linux-x86_64 | 2.2.5 | 21.19 | 50.64 | 71.83 | OK | |
r-release-linux-x86_64 | 2.2.5 | 18.35 | 48.43 | 66.78 | OK | |
r-release-macos-arm64 | 2.2.5 | 28.00 | OK | |||
r-release-macos-x86_64 | 2.2.5 | 44.00 | OK | |||
r-release-windows-x86_64 | 2.2.5 | 21.00 | 82.00 | 103.00 | OK | |
r-oldrel-macos-arm64 | 2.2.5 | 29.00 | OK | |||
r-oldrel-windows-x86_64 | 2.2.5 | 22.00 | 75.00 | 97.00 | OK |
Version: 2.2.5
Check: data for non-ASCII characters
Result: NOTE
Note: found 385 marked UTF-8 strings
Flavors: r-devel-linux-x86_64-fedora-clang, r-devel-linux-x86_64-fedora-gcc