Last updated on 2022-07-03 11:53:32 CEST.
Flavor | Version | Tinstall | Tcheck | Ttotal | Status | Flags |
---|---|---|---|---|---|---|
r-devel-linux-x86_64-debian-clang | 1.1.0 | 9.28 | 72.65 | 81.93 | OK | |
r-devel-linux-x86_64-debian-gcc | 1.1.0 | 6.86 | 52.75 | 59.61 | OK | |
r-devel-linux-x86_64-fedora-clang | 1.1.0 | 116.51 | NOTE | |||
r-devel-linux-x86_64-fedora-gcc | 1.1.0 | 113.23 | NOTE | |||
r-devel-windows-x86_64 | 1.1.0 | 50.00 | 109.00 | 159.00 | OK | |
r-patched-linux-x86_64 | 1.1.0 | 8.70 | 70.60 | 79.30 | OK | |
r-release-linux-x86_64 | 1.1.0 | 7.14 | 73.01 | 80.15 | OK | |
r-release-macos-arm64 | 1.1.0 | 38.00 | NOTE | |||
r-release-macos-x86_64 | 1.1.0 | 61.00 | NOTE | |||
r-release-windows-x86_64 | 1.1.0 | 35.00 | 114.00 | 149.00 | OK | |
r-oldrel-macos-arm64 | 1.1.0 | 44.00 | NOTE | |||
r-oldrel-macos-x86_64 | 1.1.0 | 92.00 | NOTE | |||
r-oldrel-windows-ix86+x86_64 | 1.1.0 | 17.00 | 97.00 | 114.00 | OK |
Version: 1.1.0
Check: dependencies in R code
Result: NOTE
Namespaces in Imports field not imported from:
‘MASS’ ‘Matrix’ ‘matrixcalc’ ‘stats’
All declared Imports should be used.
Flavors: r-devel-linux-x86_64-fedora-clang, r-devel-linux-x86_64-fedora-gcc, r-release-macos-arm64, r-release-macos-x86_64, r-oldrel-macos-arm64, r-oldrel-macos-x86_64