Last updated on 2024-03-28 09:51:37 CET.
Flavor | Version | Tinstall | Tcheck | Ttotal | Status | Flags |
---|---|---|---|---|---|---|
r-devel-linux-x86_64-debian-clang | 0.3.2 | 6.18 | 238.98 | 245.16 | OK | |
r-devel-linux-x86_64-debian-gcc | 0.3.2 | 5.15 | 173.23 | 178.38 | OK | |
r-devel-linux-x86_64-fedora-clang | 0.3.2 | 332.31 | NOTE | |||
r-devel-linux-x86_64-fedora-gcc | 0.3.2 | 312.68 | NOTE | |||
r-devel-windows-x86_64 | 0.3.2 | 8.00 | 223.00 | 231.00 | OK | |
r-patched-linux-x86_64 | 0.3.2 | 6.59 | 230.58 | 237.17 | OK | |
r-release-linux-x86_64 | 0.3.2 | 10.78 | 235.34 | 246.12 | OK | |
r-release-macos-arm64 | 0.3.2 | 100.00 | OK | |||
r-release-macos-x86_64 | 0.3.2 | 160.00 | OK | |||
r-release-windows-x86_64 | 0.3.2 | 9.00 | 260.00 | 269.00 | OK | |
r-oldrel-macos-arm64 | 0.3.2 | 104.00 | NOTE | |||
r-oldrel-windows-x86_64 | 0.3.2 | 10.00 | 275.00 | 285.00 | OK |
Version: 0.3.2
Check: dependencies in R code
Result: NOTE
Namespaces in Imports field not imported from:
‘HDInterval’ ‘MCMCpack’ ‘R2WinBUGS’ ‘R2jags’ ‘carData’ ‘rjags’
All declared Imports should be used.
Flavors: r-devel-linux-x86_64-fedora-clang, r-devel-linux-x86_64-fedora-gcc, r-oldrel-macos-arm64