CRAN Package Check Results for Package BayesPostEst

Last updated on 2024-02-21 11:01:03 CET.

Flavor Version Tinstall Tcheck Ttotal Status Flags
r-devel-linux-x86_64-debian-clang 0.3.2 OK
r-devel-linux-x86_64-debian-gcc 0.3.2 5.06 171.98 177.04 OK
r-devel-linux-x86_64-fedora-clang 0.3.2 331.96 NOTE
r-devel-linux-x86_64-fedora-gcc 0.3.2 303.83 NOTE
r-devel-windows-x86_64 0.3.2 9.00 222.00 231.00 OK
r-patched-linux-x86_64 0.3.2 6.70 229.16 235.86 OK
r-release-linux-x86_64 0.3.2 6.09 230.12 236.21 OK
r-release-macos-arm64 0.3.2 100.00 OK
r-release-macos-x86_64 0.3.2 160.00 OK
r-release-windows-x86_64 0.3.2 10.00 261.00 271.00 OK
r-oldrel-macos-arm64 0.3.2 104.00 NOTE
r-oldrel-windows-x86_64 0.3.2 10.00 256.00 266.00 OK

Check Details

Version: 0.3.2
Check: dependencies in R code
Result: NOTE Namespaces in Imports field not imported from: ‘HDInterval’ ‘MCMCpack’ ‘R2WinBUGS’ ‘R2jags’ ‘carData’ ‘rjags’ All declared Imports should be used. Flavors: r-devel-linux-x86_64-fedora-clang, r-devel-linux-x86_64-fedora-gcc, r-oldrel-macos-arm64