Last updated on 2022-06-26 11:52:26 CEST.
Flavor | Version | Tinstall | Tcheck | Ttotal | Status | Flags |
---|---|---|---|---|---|---|
r-devel-linux-x86_64-debian-clang | 1.0.6 | 125.38 | 40.57 | 165.95 | OK | |
r-devel-linux-x86_64-debian-gcc | 1.0.6 | 107.76 | 31.02 | 138.78 | OK | |
r-devel-linux-x86_64-fedora-clang | 1.0.6 | 251.68 | NOTE | |||
r-devel-linux-x86_64-fedora-gcc | 1.0.6 | 235.09 | NOTE | |||
r-devel-windows-x86_64 | 1.0.6 | 98.00 | 97.00 | 195.00 | OK | |
r-patched-linux-x86_64 | 1.0.6 | 116.74 | 40.04 | 156.78 | OK | |
r-release-linux-x86_64 | 1.0.6 | 111.11 | 40.15 | 151.26 | OK | |
r-release-macos-arm64 | 1.0.6 | 62.00 | NOTE | |||
r-release-macos-x86_64 | 1.0.6 | 70.00 | NOTE | |||
r-release-windows-x86_64 | 1.0.6 | 98.00 | 98.00 | 196.00 | OK | |
r-oldrel-macos-arm64 | 1.0.6 | 55.00 | NOTE | |||
r-oldrel-macos-x86_64 | 1.0.6 | 74.00 | NOTE | |||
r-oldrel-windows-ix86+x86_64 | 1.0.6 | 277.00 | 110.00 | 387.00 | OK |
Version: 1.0.6
Check: installed package size
Result: NOTE
installed size is 10.1Mb
sub-directories of 1Mb or more:
libs 9.9Mb
Flavors: r-devel-linux-x86_64-fedora-clang, r-release-macos-arm64, r-release-macos-x86_64, r-oldrel-macos-arm64, r-oldrel-macos-x86_64
Version: 1.0.6
Check: dependencies in R code
Result: NOTE
Namespace in Imports field not imported from: ‘RcppNumerical’
All declared Imports should be used.
Flavors: r-devel-linux-x86_64-fedora-clang, r-devel-linux-x86_64-fedora-gcc, r-release-macos-arm64, r-release-macos-x86_64, r-oldrel-macos-arm64, r-oldrel-macos-x86_64