CRAN Package Check Results for Package BayesMallows

Last updated on 2022-12-03 12:57:10 CET.

Flavor Version Tinstall Tcheck Ttotal Status Flags
r-devel-linux-x86_64-debian-clang 1.2.1 399.68 244.17 643.85 OK
r-devel-linux-x86_64-debian-gcc 1.2.1 310.83 177.02 487.85 OK
r-devel-linux-x86_64-fedora-clang 1.2.1 1002.50 OK
r-devel-linux-x86_64-fedora-gcc 1.2.1 857.42 OK
r-devel-windows-x86_64 1.2.1 393.00 378.00 771.00 OK
r-patched-linux-x86_64 1.2.1 281.70 231.18 512.88 OK
r-release-linux-x86_64 1.2.1 258.94 231.10 490.04 OK
r-release-macos-arm64 1.2.1 222.00 NOTE
r-release-macos-x86_64 1.2.1 263.00 NOTE
r-release-windows-x86_64 1.2.1 423.00 371.00 794.00 OK
r-oldrel-macos-arm64 1.2.1 232.00 NOTE
r-oldrel-macos-x86_64 1.2.1 262.00 NOTE
r-oldrel-windows-ix86+x86_64 1.2.1 986.00 443.00 1429.00 NOTE

Check Details

Version: 1.2.1
Check: installed package size
Result: NOTE
     installed size is 17.6Mb
     sub-directories of 1Mb or more:
     doc 1.7Mb
     libs 15.2Mb
Flavors: r-release-macos-arm64, r-release-macos-x86_64, r-oldrel-macos-arm64, r-oldrel-macos-x86_64, r-oldrel-windows-ix86+x86_64