Last updated on 2024-04-23 10:53:57 CEST.
Flavor | Version | Tinstall | Tcheck | Ttotal | Status | Flags |
---|---|---|---|---|---|---|
r-devel-linux-x86_64-debian-clang | 2.1 | 13.37 | 27.08 | 40.45 | NOTE | |
r-devel-linux-x86_64-debian-gcc | 2.1 | 9.51 | 20.26 | 29.77 | NOTE | |
r-devel-linux-x86_64-fedora-clang | 2.1 | 53.60 | NOTE | |||
r-devel-linux-x86_64-fedora-gcc | 2.1 | 50.53 | NOTE | |||
r-prerel-macos-arm64 | 2.1 | 18.00 | NOTE | |||
r-prerel-windows-x86_64 | 2.1 | 13.00 | 43.00 | 56.00 | NOTE | |
r-patched-linux-x86_64 | 2.1 | 11.92 | 26.46 | 38.38 | NOTE | |
r-release-linux-x86_64 | 2.1 | 11.73 | 26.66 | 38.39 | NOTE | |
r-release-macos-arm64 | 2.1 | 21.00 | NOTE | |||
r-release-macos-x86_64 | 2.1 | 28.00 | NOTE | |||
r-release-windows-x86_64 | 2.1 | 13.00 | 46.00 | 59.00 | NOTE | |
r-oldrel-macos-arm64 | 2.1 | 21.00 | OK | |||
r-oldrel-windows-x86_64 | 2.1 | 18.00 | 59.00 | 77.00 | OK |
Version: 2.1
Check: package subdirectories
Result: NOTE
Problems with news in ‘NEWS.md’:
No news entries found.
Flavors: r-devel-linux-x86_64-debian-clang, r-devel-linux-x86_64-debian-gcc, r-devel-linux-x86_64-fedora-clang, r-devel-linux-x86_64-fedora-gcc, r-prerel-macos-arm64, r-prerel-windows-x86_64, r-patched-linux-x86_64, r-release-linux-x86_64, r-release-macos-arm64, r-release-macos-x86_64, r-release-windows-x86_64