CRAN Package Check Results for Package BayesLN

Last updated on 2024-07-23 12:57:27 CEST.

Flavor Version Tinstall Tcheck Ttotal Status Flags
r-devel-linux-x86_64-debian-clang 0.2.10 50.68 124.08 174.76 OK
r-devel-linux-x86_64-debian-gcc 0.2.10 42.13 90.06 132.19 NOTE
r-devel-linux-x86_64-fedora-clang 0.2.10 229.69 OK
r-devel-linux-x86_64-fedora-gcc 0.2.10 242.50 OK
r-devel-windows-x86_64 0.2.10 41.00 125.00 166.00 NOTE
r-patched-linux-x86_64 0.2.10 54.74 119.59 174.33 OK
r-release-linux-x86_64 0.2.10 48.29 120.79 169.08 OK
r-release-macos-arm64 0.2.10 68.00 NOTE
r-release-macos-x86_64 0.2.10 213.00 NOTE
r-release-windows-x86_64 0.2.10 45.00 126.00 171.00 OK
r-oldrel-macos-arm64 0.2.10 74.00 NOTE
r-oldrel-macos-x86_64 0.2.10 161.00 NOTE
r-oldrel-windows-x86_64 0.2.10 50.00 161.00 211.00 OK

Check Details

Version: 0.2.10
Check: Rd cross-references
Result: NOTE Found the following Rd file(s) with Rd \link{} targets missing package anchors: LN_hierarchical.Rd: lmer, mcmc Please provide package anchors for all Rd \link{} targets not in the package itself and the base packages. Flavors: r-devel-linux-x86_64-debian-gcc, r-devel-windows-x86_64

Version: 0.2.10
Check: installed package size
Result: NOTE installed size is 13.0Mb sub-directories of 1Mb or more: libs 12.7Mb Flavors: r-release-macos-arm64, r-release-macos-x86_64, r-oldrel-macos-arm64, r-oldrel-macos-x86_64