Last updated on 2023-12-10 11:51:09 CET.
Flavor | Version | Tinstall | Tcheck | Ttotal | Status | Flags |
---|---|---|---|---|---|---|
r-devel-linux-x86_64-debian-clang | 0.2.10 | 53.68 | 122.00 | 175.68 | OK | |
r-devel-linux-x86_64-debian-gcc | 0.2.10 | 43.67 | 87.61 | 131.28 | OK | |
r-devel-linux-x86_64-fedora-clang | 0.2.10 | 215.73 | OK | |||
r-devel-linux-x86_64-fedora-gcc | 0.2.10 | 239.79 | OK | |||
r-devel-windows-x86_64 | 0.2.10 | 42.00 | 134.00 | 176.00 | OK | |
r-patched-linux-x86_64 | 0.2.10 | 55.32 | 142.68 | 198.00 | OK | |
r-release-linux-x86_64 | 0.2.8 | 34.85 | 140.41 | 175.26 | NOTE | |
r-release-macos-arm64 | 0.2.10 | 74.00 | NOTE | |||
r-release-macos-x86_64 | 0.2.10 | 161.00 | NOTE | |||
r-release-windows-x86_64 | 0.2.10 | 55.00 | 161.00 | 216.00 | OK | |
r-oldrel-macos-arm64 | 0.2.10 | 70.00 | NOTE | |||
r-oldrel-macos-x86_64 | 0.2.8 | 96.00 | NOTE | |||
r-oldrel-windows-x86_64 | 0.2.8 | 51.00 | 157.00 | 208.00 | OK |
Version: 0.2.8
Check: C++ specification
Result: NOTE
Specified C++11: please drop specification unless essential
Flavor: r-release-linux-x86_64
Version: 0.2.10
Check: installed package size
Result: NOTE
installed size is 10.4Mb
sub-directories of 1Mb or more:
libs 10.1Mb
Flavors: r-release-macos-arm64, r-release-macos-x86_64, r-oldrel-macos-arm64
Version: 0.2.8
Check: installed package size
Result: NOTE
installed size is 11.4Mb
sub-directories of 1Mb or more:
libs 11.1Mb
Flavor: r-oldrel-macos-x86_64