CRAN Package Check Results for Package BayesLN

Last updated on 2022-06-26 11:52:26 CEST.

Flavor Version Tinstall Tcheck Ttotal Status Flags
r-devel-linux-x86_64-debian-clang 0.2.6 47.55 166.55 214.10 OK
r-devel-linux-x86_64-debian-gcc 0.2.6 45.00 124.85 169.85 OK
r-devel-linux-x86_64-fedora-clang 0.2.6 285.41 NOTE
r-devel-linux-x86_64-fedora-gcc 0.2.6 293.92 OK
r-devel-windows-x86_64 0.2.6 56.00 199.00 255.00 OK
r-patched-linux-x86_64 0.2.6 53.51 171.08 224.59 OK
r-release-linux-x86_64 0.2.6 43.99 171.27 215.26 OK
r-release-macos-arm64 0.2.6 86.00 NOTE
r-release-macos-x86_64 0.2.6 119.00 NOTE
r-release-windows-x86_64 0.2.6 60.00 199.00 259.00 OK
r-oldrel-macos-arm64 0.2.6 81.00 NOTE
r-oldrel-macos-x86_64 0.2.6 118.00 NOTE
r-oldrel-windows-ix86+x86_64 0.2.6 113.00 278.00 391.00 OK

Check Details

Version: 0.2.6
Check: installed package size
Result: NOTE
     installed size is 9.3Mb
     sub-directories of 1Mb or more:
     libs 8.9Mb
Flavors: r-devel-linux-x86_64-fedora-clang, r-release-macos-arm64, r-release-macos-x86_64, r-oldrel-macos-arm64, r-oldrel-macos-x86_64