Last updated on 2025-05-14 11:50:26 CEST.
Flavor | Version | Tinstall | Tcheck | Ttotal | Status | Flags |
---|---|---|---|---|---|---|
r-devel-linux-x86_64-debian-clang | 0.0.3 | 852.35 | 186.24 | 1038.59 | OK | |
r-devel-linux-x86_64-debian-gcc | 0.0.3 | 797.76 | 195.19 | 992.95 | OK | |
r-devel-linux-x86_64-fedora-clang | 0.0.3 | 1598.53 | NOTE | |||
r-devel-linux-x86_64-fedora-gcc | 0.0.3 | 2624.67 | NOTE | |||
r-devel-windows-x86_64 | 0.0.3 | 913.00 | 294.00 | 1207.00 | OK | |
r-patched-linux-x86_64 | 0.0.3 | 973.02 | 265.07 | 1238.09 | OK | |
r-release-linux-x86_64 | 0.0.3 | 1026.36 | 266.26 | 1292.62 | OK | |
r-release-macos-arm64 | 0.0.3 | 465.00 | OK | |||
r-release-macos-x86_64 | 0.0.3 | 613.00 | OK | |||
r-release-windows-x86_64 | 0.0.3 | 943.00 | 293.00 | 1236.00 | OK | |
r-oldrel-macos-arm64 | 0.0.3 | 244.00 | NOTE | |||
r-oldrel-macos-x86_64 | 0.0.3 | 224.00 | NOTE | |||
r-oldrel-windows-x86_64 | 0.0.3 | 1062.00 | 354.00 | 1416.00 | NOTE |
Version: 0.0.3
Check: dependencies in R code
Result: NOTE
Namespaces in Imports field not imported from:
‘RcppParallel’ ‘rstantools’
All declared Imports should be used.
Flavors: r-devel-linux-x86_64-fedora-clang, r-devel-linux-x86_64-fedora-gcc
Version: 0.0.3
Check: installed package size
Result: NOTE
installed size is 123.0Mb
sub-directories of 1Mb or more:
libs 122.5Mb
Flavors: r-oldrel-macos-arm64, r-oldrel-macos-x86_64, r-oldrel-windows-x86_64
Version: 0.0.3
Check: for GNU extensions in Makefiles
Result: NOTE
GNU make is a SystemRequirements.
Flavors: r-oldrel-macos-arm64, r-oldrel-macos-x86_64, r-oldrel-windows-x86_64