CRAN Package Check Results for Package BayesGPfit

Last updated on 2022-07-04 12:54:04 CEST.

Flavor Version Tinstall Tcheck Ttotal Status Flags
r-devel-linux-x86_64-debian-clang 0.1.0 6.73 46.57 53.30 NOTE
r-devel-linux-x86_64-debian-gcc 0.1.0 5.36 35.73 41.09 NOTE
r-devel-linux-x86_64-fedora-clang 0.1.0 79.18 NOTE
r-devel-linux-x86_64-fedora-gcc 0.1.0 76.32 NOTE
r-devel-windows-x86_64 0.1.0 26.00 91.00 117.00 NOTE
r-patched-linux-x86_64 0.1.0 6.23 45.70 51.93 NOTE
r-release-linux-x86_64 0.1.0 5.61 45.91 51.52 NOTE
r-release-macos-arm64 0.1.0 26.00 NOTE
r-release-macos-x86_64 0.1.0 39.00 NOTE
r-release-windows-x86_64 0.1.0 24.00 92.00 116.00 NOTE
r-oldrel-macos-arm64 0.1.0 34.00 NOTE
r-oldrel-macos-x86_64 0.1.0 56.00 NOTE
r-oldrel-windows-ix86+x86_64 0.1.0 19.00 122.00 141.00 NOTE

Check Details

Version: 0.1.0
Check: LazyData
Result: NOTE
     'LazyData' is specified without a 'data' directory
Flavors: r-devel-linux-x86_64-debian-clang, r-devel-linux-x86_64-debian-gcc, r-devel-linux-x86_64-fedora-clang, r-devel-linux-x86_64-fedora-gcc, r-devel-windows-x86_64, r-patched-linux-x86_64, r-release-linux-x86_64, r-release-macos-arm64, r-release-macos-x86_64, r-release-windows-x86_64, r-oldrel-macos-arm64, r-oldrel-macos-x86_64, r-oldrel-windows-ix86+x86_64

Version: 0.1.0
Check: compiled code
Result: NOTE
    File ‘BayesGPfit/libs/BayesGPfit.so’:
     Found no calls to: ‘R_registerRoutines’, ‘R_useDynamicSymbols’
    
    It is good practice to register native routines and to disable symbol
    search.
    
    See ‘Writing portable packages’ in the ‘Writing R Extensions’ manual.
Flavors: r-devel-linux-x86_64-fedora-clang, r-devel-linux-x86_64-fedora-gcc