Last updated on 2024-04-23 10:53:57 CEST.
Flavor | Version | Tinstall | Tcheck | Ttotal | Status | Flags |
---|---|---|---|---|---|---|
r-devel-linux-x86_64-debian-clang | 5.2 | 10.33 | 548.02 | 558.35 | NOTE | |
r-devel-linux-x86_64-debian-gcc | 5.2 | 7.14 | 351.42 | 358.56 | NOTE | |
r-devel-linux-x86_64-fedora-clang | 5.2 | 652.94 | NOTE | |||
r-devel-linux-x86_64-fedora-gcc | 5.2 | 709.26 | NOTE | |||
r-prerel-macos-arm64 | 5.2 | 284.00 | NOTE | |||
r-prerel-windows-x86_64 | 5.2 | 8.00 | 366.00 | 374.00 | NOTE | |
r-patched-linux-x86_64 | 5.2 | 7.89 | 493.69 | 501.58 | NOTE | |
r-release-linux-x86_64 | 5.2 | 9.64 | 509.44 | 519.08 | OK | |
r-release-macos-arm64 | 5.2 | 260.00 | OK | |||
r-release-macos-x86_64 | 5.2 | 381.00 | OK | |||
r-release-windows-x86_64 | 5.2 | 7.00 | 443.00 | 450.00 | OK | |
r-oldrel-macos-arm64 | 5.2 | 285.00 | OK | |||
r-oldrel-windows-x86_64 | 5.2 | 10.00 | 453.00 | 463.00 | OK |
Version: 5.2
Check: Rd files
Result: NOTE
checkRd: (-1) gMLE.bb.Rd:18: Lost braces
18 | \item{optim.method}{optimization method in \code{optim()}{stats}.}
| ^
Flavors: r-devel-linux-x86_64-debian-clang, r-devel-linux-x86_64-debian-gcc, r-devel-linux-x86_64-fedora-clang, r-devel-linux-x86_64-fedora-gcc, r-prerel-macos-arm64, r-prerel-windows-x86_64, r-patched-linux-x86_64