CRAN Package Check Results for Package BayesESS

Last updated on 2022-07-05 11:49:48 CEST.

Flavor Version Tinstall Tcheck Ttotal Status Flags
r-devel-linux-x86_64-debian-clang 0.1.19 58.48 87.02 145.50 NOTE
r-devel-linux-x86_64-debian-gcc 0.1.19 45.36 67.15 112.51 NOTE
r-devel-linux-x86_64-fedora-clang 0.1.19 208.74 NOTE
r-devel-linux-x86_64-fedora-gcc 0.1.19 189.90 NOTE
r-devel-windows-x86_64 0.1.19 48.00 123.00 171.00 NOTE
r-patched-linux-x86_64 0.1.19 47.52 84.96 132.48 NOTE
r-release-linux-x86_64 0.1.19 52.11 85.04 137.15 NOTE
r-release-macos-arm64 0.1.19 69.00 NOTE
r-release-macos-x86_64 0.1.19 68.00 NOTE
r-release-windows-x86_64 0.1.19 49.00 128.00 177.00 NOTE
r-oldrel-macos-arm64 0.1.19 60.00 NOTE
r-oldrel-macos-x86_64 0.1.19 74.00 NOTE
r-oldrel-windows-ix86+x86_64 0.1.19 142.00 138.00 280.00 NOTE

Check Details

Version: 0.1.19
Check: LazyData
Result: NOTE
     'LazyData' is specified without a 'data' directory
Flavors: r-devel-linux-x86_64-debian-clang, r-devel-linux-x86_64-debian-gcc, r-devel-linux-x86_64-fedora-clang, r-devel-linux-x86_64-fedora-gcc, r-devel-windows-x86_64, r-patched-linux-x86_64, r-release-linux-x86_64, r-release-macos-arm64, r-release-macos-x86_64, r-release-windows-x86_64, r-oldrel-macos-arm64, r-oldrel-macos-x86_64, r-oldrel-windows-ix86+x86_64

Version: 0.1.19
Check: dependencies in R code
Result: NOTE
    Namespaces in Imports field not imported from:
     ‘MASS’ ‘MatrixModels’
     All declared Imports should be used.
Flavors: r-devel-linux-x86_64-fedora-clang, r-devel-linux-x86_64-fedora-gcc, r-release-macos-arm64, r-release-macos-x86_64, r-oldrel-macos-arm64, r-oldrel-macos-x86_64