Last updated on 2024-03-28 09:51:37 CET.
Flavor | Version | Tinstall | Tcheck | Ttotal | Status | Flags |
---|---|---|---|---|---|---|
r-devel-linux-x86_64-debian-clang | 0.1-2 | 50.82 | 35.64 | 86.46 | NOTE | |
r-devel-linux-x86_64-debian-gcc | 0.1-2 | 39.92 | 27.24 | 67.16 | NOTE | |
r-devel-linux-x86_64-fedora-clang | 0.1-2 | 123.25 | NOTE | |||
r-devel-linux-x86_64-fedora-gcc | 0.1-2 | 121.58 | NOTE | |||
r-devel-windows-x86_64 | 0.1-2 | 40.00 | 70.00 | 110.00 | NOTE | |
r-patched-linux-x86_64 | 0.1-2 | 55.44 | 34.52 | 89.96 | NOTE | |
r-release-linux-x86_64 | 0.1-2 | 48.71 | 33.21 | 81.92 | NOTE | |
r-release-macos-arm64 | 0.1-2 | 34.00 | NOTE | |||
r-release-macos-x86_64 | 0.1-2 | 50.00 | NOTE | |||
r-release-windows-x86_64 | 0.1-2 | 50.00 | 76.00 | 126.00 | NOTE | |
r-oldrel-macos-arm64 | 0.1-2 | 39.00 | OK | |||
r-oldrel-windows-x86_64 | 0.1-2 | 48.00 | 77.00 | 125.00 | OK |
Version: 0.1-2
Check: Rd files
Result: NOTE
checkRd: (-1) BayesComm-package.Rd:33: Escaped LaTeX specials: \&
Flavors: r-devel-linux-x86_64-debian-clang, r-devel-linux-x86_64-debian-gcc, r-devel-linux-x86_64-fedora-clang, r-devel-linux-x86_64-fedora-gcc, r-devel-windows-x86_64, r-patched-linux-x86_64, r-release-linux-x86_64, r-release-macos-arm64, r-release-macos-x86_64, r-release-windows-x86_64
Version: 0.1-2
Check: compiled code
Result: NOTE
File ‘BayesComm/libs/BayesComm.so’:
Found no calls to: ‘R_registerRoutines’, ‘R_useDynamicSymbols’
It is good practice to register native routines and to disable symbol
search.
See ‘Writing portable packages’ in the ‘Writing R Extensions’ manual.
Flavors: r-devel-linux-x86_64-fedora-clang, r-devel-linux-x86_64-fedora-gcc