Last updated on 2025-04-29 12:52:30 CEST.
Flavor | Version | Tinstall | Tcheck | Ttotal | Status | Flags |
---|---|---|---|---|---|---|
r-devel-linux-x86_64-debian-clang | 1.0.5 | 1.75 | 18.30 | 20.05 | NOTE | |
r-devel-linux-x86_64-debian-gcc | 1.0.5 | 1.57 | 14.81 | 16.38 | NOTE | |
r-devel-linux-x86_64-fedora-clang | 1.0.5 | 32.06 | OK | |||
r-devel-linux-x86_64-fedora-gcc | 1.0.5 | 31.77 | OK | |||
r-devel-windows-x86_64 | 1.0.5 | 3.00 | 38.00 | 41.00 | OK | |
r-patched-linux-x86_64 | 1.0.5 | 1.87 | 17.64 | 19.51 | OK | |
r-release-linux-x86_64 | 1.0.5 | 1.93 | 17.64 | 19.57 | OK | |
r-release-macos-arm64 | 1.0.5 | 16.00 | OK | |||
r-release-macos-x86_64 | 1.0.5 | 24.00 | OK | |||
r-release-windows-x86_64 | 1.0.5 | 3.00 | 39.00 | 42.00 | OK | |
r-oldrel-macos-arm64 | 1.0.5 | 19.00 | NOTE | |||
r-oldrel-macos-x86_64 | 1.0.5 | 21.00 | NOTE | |||
r-oldrel-windows-x86_64 | 1.0.5 | 3.00 | 38.00 | 41.00 | NOTE |
Version: 1.0.5
Check: CRAN incoming feasibility
Result: NOTE
Maintainer: ‘János Hevner <hevnerjanos@hotmail.com>’
No Authors@R field in DESCRIPTION.
Please add one, modifying
Authors@R: person(given = "János",
family = "Hevner",
role = c("aut", "cre"),
email = "hevnerjanos@hotmail.com")
as necessary.
Flavors: r-devel-linux-x86_64-debian-clang, r-devel-linux-x86_64-debian-gcc
Version: 1.0.5
Check: LazyData
Result: NOTE
'LazyData' is specified without a 'data' directory
Flavors: r-oldrel-macos-arm64, r-oldrel-macos-x86_64, r-oldrel-windows-x86_64