Last updated on 2024-04-17 10:41:31 CEST.
Flavor | Version | Tinstall | Tcheck | Ttotal | Status | Flags |
---|---|---|---|---|---|---|
r-devel-linux-x86_64-debian-clang | 1.2.0 | 31.47 | 374.56 | 406.03 | NOTE | |
r-devel-linux-x86_64-debian-gcc | 1.2.0 | 24.54 | 284.23 | 308.77 | NOTE | |
r-devel-linux-x86_64-fedora-clang | 1.2.0 | 570.16 | NOTE | |||
r-devel-linux-x86_64-fedora-gcc | 1.2.0 | 520.93 | NOTE | |||
r-prerel-macos-arm64 | 1.2.0 | 148.00 | NOTE | |||
r-prerel-windows-x86_64 | 1.2.0 | 28.00 | 233.00 | 261.00 | NOTE | --no-vignettes |
r-patched-linux-x86_64 | 1.2.0 | 29.04 | 380.78 | 409.82 | NOTE | |
r-release-linux-x86_64 | 1.2.0 | 24.03 | 389.14 | 413.17 | OK | |
r-release-macos-arm64 | 1.2.0 | 140.00 | OK | |||
r-release-macos-x86_64 | 1.2.0 | 224.00 | NOTE | |||
r-release-windows-x86_64 | 1.2.0 | 36.00 | 267.00 | 303.00 | OK | --no-vignettes |
r-oldrel-macos-arm64 | 1.2.0 | 128.00 | OK | |||
r-oldrel-windows-x86_64 | 1.2.0 | 35.00 | 265.00 | 300.00 | OK | --no-vignettes |
Version: 1.2.0
Check: Rd files
Result: NOTE
checkRd: (-1) pnbd.mcmc.DrawParameters.Rd:45: Lost braces in \itemize; \value handles \item{}{} directly
checkRd: (-1) pnbd.mcmc.DrawParameters.Rd:46: Lost braces in \itemize; \value handles \item{}{} directly
Flavors: r-devel-linux-x86_64-debian-clang, r-devel-linux-x86_64-debian-gcc, r-devel-linux-x86_64-fedora-clang, r-devel-linux-x86_64-fedora-gcc, r-prerel-macos-arm64, r-patched-linux-x86_64
Version: 1.2.0
Flags: --no-vignettes
Check: Rd files
Result: NOTE
checkRd: (-1) pnbd.mcmc.DrawParameters.Rd:45: Lost braces in \itemize; \value handles \item{}{} directly
checkRd: (-1) pnbd.mcmc.DrawParameters.Rd:46: Lost braces in \itemize; \value handles \item{}{} directly
Flavor: r-prerel-windows-x86_64
Version: 1.2.0
Check: package dependencies
Result: NOTE
Package suggested but not available for checking: ‘gsl’
Flavor: r-release-macos-x86_64