Last updated on 2022-06-29 11:52:04 CEST.
Flavor | Version | Tinstall | Tcheck | Ttotal | Status | Flags |
---|---|---|---|---|---|---|
r-devel-linux-x86_64-debian-clang | 0.1-11 | 42.22 | 94.49 | 136.71 | NOTE | |
r-devel-linux-x86_64-debian-gcc | 0.1-11 | 37.90 | 72.07 | 109.97 | NOTE | |
r-devel-linux-x86_64-fedora-clang | 0.1-11 | 208.33 | NOTE | |||
r-devel-linux-x86_64-fedora-gcc | 0.1-11 | 202.63 | NOTE | |||
r-devel-windows-x86_64 | 0.1-11 | 60.00 | 162.00 | 222.00 | OK | |
r-patched-linux-x86_64 | 0.1-11 | 41.07 | 90.90 | 131.97 | NOTE | |
r-release-linux-x86_64 | 0.1-11 | 39.74 | 89.38 | 129.12 | NOTE | |
r-release-macos-arm64 | 0.1-11 | 48.00 | OK | |||
r-release-macos-x86_64 | 0.1-11 | 65.00 | OK | |||
r-release-windows-x86_64 | 0.1-11 | 58.00 | 133.00 | 191.00 | OK | |
r-oldrel-macos-arm64 | 0.1-11 | 55.00 | OK | |||
r-oldrel-macos-x86_64 | 0.1-11 | 98.00 | OK | |||
r-oldrel-windows-ix86+x86_64 | 0.1-11 | 114.00 | 147.00 | 261.00 | OK |
Version: 0.1-11
Check: package dependencies
Result: NOTE
Package suggested but not available for checking: 'gvcm.cat'
Flavors: r-devel-linux-x86_64-debian-clang, r-devel-linux-x86_64-debian-gcc, r-devel-linux-x86_64-fedora-clang, r-devel-linux-x86_64-fedora-gcc, r-patched-linux-x86_64, r-release-linux-x86_64
Version: 0.1-11
Check: Rd cross-references
Result: NOTE
Unknown package 'gvcm.cat' in Rd xrefs
Flavors: r-devel-linux-x86_64-debian-clang, r-devel-linux-x86_64-debian-gcc, r-devel-linux-x86_64-fedora-clang, r-devel-linux-x86_64-fedora-gcc, r-patched-linux-x86_64, r-release-linux-x86_64