Last updated on 2023-09-27 12:02:43 CEST.
Flavor | Version | Tinstall | Tcheck | Ttotal | Status | Flags |
---|---|---|---|---|---|---|
r-devel-linux-x86_64-debian-clang | 1.0.5 | 53.93 | 172.53 | 226.46 | NOTE | |
r-devel-linux-x86_64-debian-gcc | 1.0.5 | 39.04 | 127.98 | 167.02 | NOTE | |
r-devel-linux-x86_64-fedora-clang | 1.0.5 | 284.25 | NOTE | |||
r-devel-linux-x86_64-fedora-gcc | 1.0.5 | 310.99 | NOTE | |||
r-devel-windows-x86_64 | 1.0.5 | 40.00 | 143.00 | 183.00 | NOTE | |
r-patched-linux-x86_64 | 1.0.5 | 57.96 | 161.05 | 219.01 | NOTE | |
r-release-linux-x86_64 | 1.0.5 | 45.95 | 162.58 | 208.53 | NOTE | |
r-release-macos-arm64 | 1.0.5 | 91.00 | NOTE | |||
r-release-macos-x86_64 | 1.0.5 | 141.00 | NOTE | |||
r-release-windows-x86_64 | 1.0.5 | 56.00 | 184.00 | 240.00 | NOTE | |
r-oldrel-macos-arm64 | 1.0.5 | 73.00 | NOTE | |||
r-oldrel-macos-x86_64 | 1.0.5 | 101.00 | NOTE | |||
r-oldrel-windows-x86_64 | 1.0.5 | 52.00 | 178.00 | 230.00 | NOTE |
Version: 1.0.5
Check: C++ specification
Result: NOTE
Specified C++11: please drop specification unless essential
Flavors: r-devel-linux-x86_64-debian-clang, r-devel-linux-x86_64-debian-gcc, r-devel-linux-x86_64-fedora-clang, r-devel-linux-x86_64-fedora-gcc, r-devel-windows-x86_64, r-patched-linux-x86_64, r-release-linux-x86_64, r-release-macos-arm64, r-release-macos-x86_64, r-release-windows-x86_64
Version: 1.0.5
Check: for GNU extensions in Makefiles
Result: NOTE
GNU make is a SystemRequirements.
Flavors: r-devel-linux-x86_64-debian-clang, r-devel-linux-x86_64-debian-gcc, r-devel-linux-x86_64-fedora-clang, r-devel-linux-x86_64-fedora-gcc, r-devel-windows-x86_64, r-patched-linux-x86_64, r-release-linux-x86_64, r-release-macos-arm64, r-release-macos-x86_64, r-release-windows-x86_64, r-oldrel-macos-arm64, r-oldrel-macos-x86_64, r-oldrel-windows-x86_64