Last updated on 2024-05-01 12:14:16 CEST.
Flavor | Version | Tinstall | Tcheck | Ttotal | Status | Flags |
---|---|---|---|---|---|---|
r-devel-linux-x86_64-debian-clang | 0.0.7 | 290.28 | 148.29 | 438.57 | OK | |
r-devel-linux-x86_64-debian-gcc | 0.0.7 | 265.46 | 124.32 | 389.78 | OK | |
r-devel-linux-x86_64-fedora-clang | 0.0.7 | 567.57 | NOTE | |||
r-devel-linux-x86_64-fedora-gcc | 0.0.7 | 388.41 | NOTE | |||
r-devel-windows-x86_64 | 0.0.7 | 236.00 | 178.00 | 414.00 | OK | |
r-patched-linux-x86_64 | 0.0.7 | 0.02 | 2.37 | 2.39 | ERROR | |
r-release-linux-x86_64 | 0.0.7 | 329.70 | 160.99 | 490.69 | OK | |
r-release-macos-arm64 | 0.0.7 | 144.00 | NOTE | |||
r-release-macos-x86_64 | 0.0.7 | 285.00 | NOTE | |||
r-release-windows-x86_64 | 0.0.7 | 243.00 | 153.00 | 396.00 | OK | |
r-oldrel-macos-arm64 | 0.0.7 | 150.00 | NOTE | |||
r-oldrel-macos-x86_64 | 0.0.7 | 246.00 | NOTE | |||
r-oldrel-windows-x86_64 | 0.0.7 | 289.00 | 176.00 | 465.00 | OK |
Version: 0.0.7
Check: for GNU extensions in Makefiles
Result: NOTE
GNU make is a SystemRequirements.
Flavors: r-devel-linux-x86_64-fedora-clang, r-devel-linux-x86_64-fedora-gcc, r-release-macos-arm64, r-release-macos-x86_64, r-oldrel-macos-arm64, r-oldrel-macos-x86_64
Version: 0.0.7
Check: whether package can be installed
Result: ERROR
Installation failed.
Flavor: r-patched-linux-x86_64
Version: 0.0.7
Check: installed package size
Result: NOTE
installed size is 52.5Mb
sub-directories of 1Mb or more:
libs 52.2Mb
Flavors: r-release-macos-arm64, r-release-macos-x86_64, r-oldrel-macos-arm64, r-oldrel-macos-x86_64