CRAN Package Check Results for Package BPM

Last updated on 2025-04-29 12:52:31 CEST.

Flavor Version Tinstall Tcheck Ttotal Status Flags
r-devel-linux-x86_64-debian-clang 1.0.0 3.50 25.54 29.04 NOTE
r-devel-linux-x86_64-debian-gcc 1.0.0 3.16 19.50 22.66 NOTE
r-devel-linux-x86_64-fedora-clang 1.0.0 49.19 OK
r-devel-linux-x86_64-fedora-gcc 1.0.0 46.99 OK
r-devel-windows-x86_64 1.0.0 4.00 45.00 49.00 OK
r-patched-linux-x86_64 1.0.0 3.57 24.29 27.86 OK
r-release-linux-x86_64 1.0.0 3.54 24.22 27.76 OK
r-release-macos-arm64 1.0.0 19.00 OK
r-release-macos-x86_64 1.0.0 47.00 OK
r-release-windows-x86_64 1.0.0 4.00 46.00 50.00 OK
r-oldrel-macos-arm64 1.0.0 22.00 OK
r-oldrel-macos-x86_64 1.0.0 44.00 OK
r-oldrel-windows-x86_64 1.0.0 4.00 45.00 49.00 OK

Check Details

Version: 1.0.0
Check: CRAN incoming feasibility
Result: NOTE Maintainer: ‘Jianzhao Gao and Xiaodan Fan <gaojz@nankai.edu.cn>’ No Authors@R field in DESCRIPTION. Please add one, modifying Authors@R: c(person(given = "Jianzhao", family = "Gao", role = c("aut", "cre"), email = "gaojz@nankai.edu.cn"), person(given = "Linghao", family = "Shen", role = "aut"), person(given = "Xiaodan", family = "Fan", role = "aut")) as necessary. Flavors: r-devel-linux-x86_64-debian-clang, r-devel-linux-x86_64-debian-gcc