CRAN Package Check Results for Package BOSSreg

Last updated on 2025-07-16 10:48:50 CEST.

Flavor Version Tinstall Tcheck Ttotal Status Flags
r-devel-linux-x86_64-debian-clang 0.2.0 19.62 43.18 62.80 NOTE
r-devel-linux-x86_64-debian-gcc 0.2.0 14.79 33.83 48.62 NOTE
r-devel-linux-x86_64-fedora-clang 0.2.0 108.74 NOTE
r-devel-linux-x86_64-fedora-gcc 0.2.0 114.76 NOTE
r-devel-windows-x86_64 0.2.0 26.00 105.00 131.00 NOTE
r-patched-linux-x86_64 0.2.0 20.91 41.63 62.54 NOTE
r-release-linux-x86_64 0.2.0 21.64 40.96 62.60 NOTE
r-release-macos-arm64 0.2.0 49.00 NOTE
r-release-macos-x86_64 0.2.0 82.00 NOTE
r-release-windows-x86_64 0.2.0 25.00 104.00 129.00 NOTE
r-oldrel-macos-arm64 0.2.0 42.00 NOTE
r-oldrel-macos-x86_64 0.2.0 86.00 NOTE
r-oldrel-windows-x86_64 0.2.0 29.00 112.00 141.00 NOTE

Check Details

Version: 0.2.0
Check: CRAN incoming feasibility
Result: NOTE Maintainer: ‘Sen Tian <stian@stern.nyu.edu>’ The Description field contains for Subset Selection in Least Squares Regression", <arXiv:1911.10191>. Please refer to arXiv e-prints via their arXiv DOI <doi:10.48550/arXiv.YYMM.NNNNN>. Flavors: r-devel-linux-x86_64-debian-clang, r-devel-linux-x86_64-debian-gcc

Version: 0.2.0
Check: C++ specification
Result: NOTE Specified C++11: please drop specification unless essential Flavors: r-devel-linux-x86_64-debian-clang, r-devel-linux-x86_64-debian-gcc, r-devel-linux-x86_64-fedora-clang, r-devel-linux-x86_64-fedora-gcc, r-devel-windows-x86_64, r-patched-linux-x86_64, r-release-linux-x86_64, r-release-macos-arm64, r-release-macos-x86_64, r-release-windows-x86_64, r-oldrel-macos-arm64, r-oldrel-macos-x86_64, r-oldrel-windows-x86_64

Version: 0.2.0
Check: LazyData
Result: NOTE 'LazyData' is specified without a 'data' directory Flavors: r-oldrel-macos-arm64, r-oldrel-macos-x86_64, r-oldrel-windows-x86_64