CRAN Package Check Results for Package BOSO

Last updated on 2022-06-25 10:52:58 CEST.

Flavor Version Tinstall Tcheck Ttotal Status Flags
r-devel-linux-x86_64-debian-clang 1.0.3 11.12 112.51 123.63 NOTE
r-devel-linux-x86_64-debian-gcc 1.0.3 7.11 82.42 89.53 NOTE
r-devel-linux-x86_64-fedora-clang 1.0.3 156.80 NOTE
r-devel-linux-x86_64-fedora-gcc 1.0.3 151.68 NOTE
r-devel-windows-x86_64 1.0.3 18.00 133.00 151.00 NOTE
r-patched-linux-x86_64 1.0.3 8.31 107.15 115.46 NOTE
r-release-linux-x86_64 1.0.3 8.15 104.71 112.86 NOTE
r-release-macos-arm64 1.0.3 44.00 NOTE
r-release-macos-x86_64 1.0.3 64.00 NOTE
r-release-windows-x86_64 1.0.3 19.00 137.00 156.00 NOTE
r-oldrel-macos-arm64 1.0.3 61.00 NOTE
r-oldrel-macos-x86_64 1.0.3 58.00 NOTE
r-oldrel-windows-ix86+x86_64 1.0.3 20.00 132.00 152.00 NOTE

Additional issues

donttest

Check Details

Version: 1.0.3
Check: package dependencies
Result: NOTE
    Packages suggested but not available for checking: 'cplexAPI', 'bestsubset'
Flavors: r-devel-linux-x86_64-debian-clang, r-devel-linux-x86_64-debian-gcc, r-devel-linux-x86_64-fedora-clang, r-devel-linux-x86_64-fedora-gcc, r-devel-windows-x86_64, r-patched-linux-x86_64, r-release-linux-x86_64, r-release-macos-arm64, r-release-macos-x86_64, r-release-windows-x86_64, r-oldrel-macos-arm64, r-oldrel-macos-x86_64, r-oldrel-windows-ix86+x86_64