CRAN Package Check Results for Package BNrich

Last updated on 2024-03-04 12:52:10 CET.

Flavor Version Tinstall Tcheck Ttotal Status Flags
r-devel-linux-x86_64-debian-clang 0.1.1 7.28 99.09 106.37 NOTE
r-devel-linux-x86_64-debian-gcc 0.1.1 7.94 73.75 81.69 NOTE
r-devel-linux-x86_64-fedora-clang 0.1.1 131.18 NOTE
r-devel-linux-x86_64-fedora-gcc 0.1.1 141.40 NOTE
r-devel-windows-x86_64 0.1.1 9.00 86.00 95.00 NOTE
r-patched-linux-x86_64 0.1.1 9.49 95.05 104.54 NOTE
r-release-linux-x86_64 0.1.1 8.55 96.15 104.70 NOTE
r-release-macos-arm64 0.1.1 52.00 NOTE
r-release-macos-x86_64 0.1.1 77.00 NOTE
r-release-windows-x86_64 0.1.1 11.00 101.00 112.00 NOTE
r-oldrel-macos-arm64 0.1.1 42.00 NOTE
r-oldrel-windows-x86_64 0.1.1 12.00 102.00 114.00 NOTE

Additional issues

donttest

Check Details

Version: 0.1.1
Check: LazyData
Result: NOTE 'LazyData' is specified without a 'data' directory Flavors: r-devel-linux-x86_64-debian-clang, r-devel-linux-x86_64-debian-gcc, r-devel-linux-x86_64-fedora-clang, r-devel-linux-x86_64-fedora-gcc, r-devel-windows-x86_64, r-patched-linux-x86_64, r-release-linux-x86_64, r-release-macos-arm64, r-release-macos-x86_64, r-release-windows-x86_64, r-oldrel-macos-arm64, r-oldrel-windows-x86_64