Last updated on 2025-07-12 11:48:21 CEST.
Flavor | Version | Tinstall | Tcheck | Ttotal | Status | Flags |
---|---|---|---|---|---|---|
r-devel-linux-x86_64-debian-clang | 0.1.1 | 6.66 | 80.44 | 87.10 | OK | |
r-devel-linux-x86_64-debian-gcc | 0.1.1 | 5.48 | 57.75 | 63.23 | OK | |
r-devel-linux-x86_64-fedora-clang | 0.1.1 | 136.52 | OK | |||
r-devel-linux-x86_64-fedora-gcc | 0.1.1 | 149.71 | OK | |||
r-devel-windows-x86_64 | 0.1.1 | 9.00 | 87.00 | 96.00 | OK | |
r-patched-linux-x86_64 | 0.1.1 | 8.40 | 75.91 | 84.31 | OK | |
r-release-linux-x86_64 | 0.1.1 | 7.95 | 75.77 | 83.72 | OK | |
r-release-macos-arm64 | 0.1.1 | 58.00 | OK | |||
r-release-macos-x86_64 | 0.1.1 | 99.00 | OK | |||
r-release-windows-x86_64 | 0.1.1 | 9.00 | 87.00 | 96.00 | OK | |
r-oldrel-macos-arm64 | 0.1.1 | 46.00 | NOTE | |||
r-oldrel-macos-x86_64 | 0.1.1 | 87.00 | NOTE | |||
r-oldrel-windows-x86_64 | 0.1.1 | 12.00 | 108.00 | 120.00 | NOTE |
Version: 0.1.1
Check: LazyData
Result: NOTE
'LazyData' is specified without a 'data' directory
Flavors: r-oldrel-macos-arm64, r-oldrel-macos-x86_64, r-oldrel-windows-x86_64