CRAN Package Check Results for Package BNrich

Last updated on 2025-04-17 09:49:10 CEST.

Flavor Version Tinstall Tcheck Ttotal Status Flags
r-devel-linux-x86_64-debian-clang 0.1.1 8.91 78.27 87.18 OK
r-devel-linux-x86_64-debian-gcc 0.1.1 6.26 57.77 64.03 OK
r-devel-linux-x86_64-fedora-clang 0.1.1 139.01 OK
r-devel-linux-x86_64-fedora-gcc 0.1.1 159.01 OK
r-devel-windows-x86_64 0.1.1 9.00 86.00 95.00 OK
r-patched-linux-x86_64 0.1.1 8.53 78.57 87.10 OK
r-release-linux-x86_64 0.1.1 8.38 75.34 83.72 OK
r-release-macos-arm64 0.1.1 58.00 OK
r-release-macos-x86_64 0.1.1 99.00 OK
r-release-windows-x86_64 0.1.1 9.00 87.00 96.00 OK
r-oldrel-macos-arm64 0.1.1 46.00 NOTE
r-oldrel-macos-x86_64 0.1.1 87.00 NOTE
r-oldrel-windows-x86_64 0.1.1 11.00 104.00 115.00 NOTE

Additional issues

donttest

Check Details

Version: 0.1.1
Check: LazyData
Result: NOTE 'LazyData' is specified without a 'data' directory Flavors: r-oldrel-macos-arm64, r-oldrel-macos-x86_64, r-oldrel-windows-x86_64