Last updated on 2024-04-22 12:55:34 CEST.
Flavor | Version | Tinstall | Tcheck | Ttotal | Status | Flags |
---|---|---|---|---|---|---|
r-devel-linux-x86_64-debian-clang | 1.0.2 | 271.37 | 117.33 | 388.70 | NOTE | |
r-devel-linux-x86_64-debian-gcc | 1.0.2 | 210.49 | 86.91 | 297.40 | NOTE | |
r-devel-linux-x86_64-fedora-clang | 1.0.2 | 539.97 | NOTE | |||
r-devel-linux-x86_64-fedora-gcc | 1.0.2 | 582.98 | NOTE | |||
r-prerel-macos-arm64 | 1.0.2 | 119.00 | NOTE | |||
r-prerel-windows-x86_64 | 1.0.2 | 193.00 | 189.00 | 382.00 | NOTE | |
r-patched-linux-x86_64 | 1.0.2 | 209.82 | 111.36 | 321.18 | NOTE | |
r-release-linux-x86_64 | 1.0.2 | 244.98 | 109.06 | 354.04 | NOTE | |
r-release-macos-arm64 | 1.0.2 | 159.00 | NOTE | |||
r-release-macos-x86_64 | 1.0.2 | 157.00 | NOTE | |||
r-release-windows-x86_64 | 1.0.2 | 214.00 | 174.00 | 388.00 | NOTE | |
r-oldrel-macos-arm64 | 1.0.2 | 134.00 | NOTE | |||
r-oldrel-windows-x86_64 | 1.0.2 | 219.00 | 163.00 | 382.00 | OK |
Version: 1.0.2
Check: C++ specification
Result: NOTE
Specified C++11: please drop specification unless essential
Flavors: r-devel-linux-x86_64-debian-clang, r-devel-linux-x86_64-debian-gcc, r-devel-linux-x86_64-fedora-clang, r-devel-linux-x86_64-fedora-gcc, r-prerel-macos-arm64, r-prerel-windows-x86_64, r-patched-linux-x86_64, r-release-linux-x86_64, r-release-macos-arm64, r-release-macos-x86_64, r-release-windows-x86_64
Version: 1.0.2
Check: installed package size
Result: NOTE
installed size is 15.4Mb
sub-directories of 1Mb or more:
libs 14.1Mb
Flavors: r-prerel-macos-arm64, r-release-macos-arm64, r-release-macos-x86_64, r-oldrel-macos-arm64