CRAN Package Check Results for Package BMTAR

Last updated on 2024-07-24 11:25:56 CEST.

Flavor Version Tinstall Tcheck Ttotal Status Flags
r-devel-linux-x86_64-debian-clang 0.1.1 10.46 82.16 92.62 NOTE
r-devel-linux-x86_64-debian-gcc 0.1.1 7.69 59.04 66.73 NOTE
r-devel-linux-x86_64-fedora-clang 0.1.1 116.52 NOTE
r-devel-linux-x86_64-fedora-gcc 0.1.1 107.45 NOTE
r-devel-windows-x86_64 0.1.1 10.00 77.00 87.00 NOTE
r-patched-linux-x86_64 0.1.1 13.73 77.46 91.19 NOTE
r-release-linux-x86_64 0.1.1 11.57 77.90 89.47 NOTE
r-release-macos-arm64 0.1.1 30.00 NOTE
r-release-macos-x86_64 0.1.1 63.00 NOTE
r-release-windows-x86_64 0.1.1 10.00 77.00 87.00 NOTE
r-oldrel-macos-arm64 0.1.1 32.00 OK
r-oldrel-macos-x86_64 0.1.1 52.00 OK
r-oldrel-windows-x86_64 0.1.1 13.00 95.00 108.00 OK

Check Details

Version: 0.1.1
Check: Rd files
Result: NOTE checkRd: (-1) autoplot.tsregime.Rd:20: Lost braces 20 | Graph for the stochastic processes of the object \ dQuote {\ code {tsregime}} for: Output process and if they exist for: Threshold process and Covariates process. In the case that there are missing data, a red line is drawn at the indicated time. | ^ checkRd: (-1) autoplot.tsregime.Rd:20: Lost braces; missing escapes or markup? 20 | Graph for the stochastic processes of the object \ dQuote {\ code {tsregime}} for: Output process and if they exist for: Threshold process and Covariates process. In the case that there are missing data, a red line is drawn at the indicated time. | ^ Flavors: r-devel-linux-x86_64-debian-clang, r-devel-linux-x86_64-debian-gcc, r-devel-linux-x86_64-fedora-clang, r-devel-linux-x86_64-fedora-gcc, r-devel-windows-x86_64, r-patched-linux-x86_64, r-release-linux-x86_64, r-release-macos-arm64, r-release-macos-x86_64, r-release-windows-x86_64

Version: 0.1.1
Check: Rd cross-references
Result: NOTE Found the following Rd file(s) with Rd \link{} targets missing package anchors: autoplot.Rd: autolayer, ggplot, fortify Please provide package anchors for all Rd \link{} targets not in the package itself and the base packages. Flavors: r-devel-linux-x86_64-debian-gcc, r-devel-windows-x86_64