Last updated on 2024-04-18 12:52:38 CEST.
Flavor | Version | Tinstall | Tcheck | Ttotal | Status | Flags |
---|---|---|---|---|---|---|
r-devel-linux-x86_64-debian-clang | 1.0.0 | 13.67 | 152.28 | 165.95 | NOTE | |
r-devel-linux-x86_64-debian-gcc | 1.0.0 | 10.93 | 103.86 | 114.79 | NOTE | |
r-devel-linux-x86_64-fedora-clang | 1.0.0 | 198.78 | NOTE | |||
r-devel-linux-x86_64-fedora-gcc | 1.0.0 | 212.94 | NOTE | |||
r-prerel-macos-arm64 | 1.0.0 | 56.00 | NOTE | |||
r-prerel-windows-x86_64 | 1.0.0 | 13.00 | 105.00 | 118.00 | NOTE | |
r-patched-linux-x86_64 | 1.0.0 | 12.69 | 143.60 | 156.29 | NOTE | |
r-release-linux-x86_64 | 1.0.0 | 13.17 | 143.88 | 157.05 | OK | |
r-release-macos-arm64 | 1.0.0 | 59.00 | OK | |||
r-release-macos-x86_64 | 1.0.0 | 164.00 | OK | |||
r-release-windows-x86_64 | 1.0.0 | 17.00 | 130.00 | 147.00 | OK | |
r-oldrel-macos-arm64 | 1.0.0 | 56.00 | OK | |||
r-oldrel-windows-x86_64 | 1.0.0 | 17.00 | 133.00 | 150.00 | OK |
Version: 1.0.0
Check: Rd files
Result: NOTE
checkRd: (-1) BMRMM.Rd:92: Lost braces in \itemize; meant \describe ?
checkRd: (-1) BMRMM.Rd:93-94: Lost braces in \itemize; meant \describe ?
checkRd: (-1) BMRMM.Rd:95-98: Lost braces in \itemize; meant \describe ?
checkRd: (-1) summary.BMRMM.Rd:38-41: Lost braces in \itemize; meant \describe ?
checkRd: (-1) summary.BMRMM.Rd:44-53: Lost braces in \itemize; meant \describe ?
Flavors: r-devel-linux-x86_64-debian-clang, r-devel-linux-x86_64-debian-gcc, r-devel-linux-x86_64-fedora-clang, r-devel-linux-x86_64-fedora-gcc, r-prerel-macos-arm64, r-prerel-windows-x86_64, r-patched-linux-x86_64