CRAN Package Check Results for Package BMRMM

Last updated on 2022-10-04 11:50:06 CEST.

Flavor Version Tinstall Tcheck Ttotal Status Flags
r-devel-linux-x86_64-debian-clang 0.0.1 19.94 192.52 212.46 NOTE
r-devel-linux-x86_64-debian-gcc 0.0.1 14.33 138.04 152.37 NOTE
r-devel-linux-x86_64-fedora-clang 0.0.1 277.53 NOTE
r-devel-linux-x86_64-fedora-gcc 0.0.1 259.84 NOTE
r-devel-windows-x86_64 0.0.1 23.00 196.00 219.00 NOTE
r-patched-linux-x86_64 0.0.1 18.09 175.08 193.17 OK
r-release-linux-x86_64 0.0.1 17.10 180.75 197.85 OK
r-release-macos-arm64 0.0.1 74.00 OK
r-release-macos-x86_64 0.0.1 108.00 OK
r-release-windows-x86_64 0.0.1 24.00 195.00 219.00 OK
r-oldrel-macos-arm64 0.0.1 63.00 OK
r-oldrel-macos-x86_64 0.0.1 97.00 OK
r-oldrel-windows-ix86+x86_64 0.0.1 39.00 196.00 235.00 OK

Check Details

Version: 0.0.1
Check: package subdirectories
Result: NOTE
    Problems with news in 'NEWS.md':
    No news entries found.
Flavors: r-devel-linux-x86_64-debian-clang, r-devel-linux-x86_64-debian-gcc, r-devel-linux-x86_64-fedora-clang, r-devel-linux-x86_64-fedora-gcc, r-devel-windows-x86_64