CRAN Package Check Results for Package BLCOP

Last updated on 2025-01-20 12:56:23 CET.

Flavor Version Tinstall Tcheck Ttotal Status Flags
r-devel-linux-x86_64-debian-clang 0.3.3 13.66 109.60 123.26 NOTE
r-devel-linux-x86_64-debian-gcc 0.3.3 8.69 82.30 90.99 NOTE
r-devel-linux-x86_64-fedora-clang 0.3.3 195.01 NOTE
r-devel-linux-x86_64-fedora-gcc 0.3.3 198.59 NOTE
r-devel-windows-x86_64 0.3.3 14.00 111.00 125.00 NOTE
r-patched-linux-x86_64 0.3.3 14.03 100.67 114.70 NOTE
r-release-linux-x86_64 0.3.3 13.77 101.74 115.51 NOTE
r-release-macos-arm64 0.3.3 60.00 NOTE
r-release-macos-x86_64 0.3.3 90.00 NOTE
r-release-windows-x86_64 0.3.3 17.00 115.00 132.00 NOTE
r-oldrel-macos-arm64 0.3.3 57.00 NOTE
r-oldrel-macos-x86_64 0.3.3 90.00 NOTE
r-oldrel-windows-x86_64 0.3.3 20.00 137.00 157.00 NOTE

Check Details

Version: 0.3.3
Check: Rd files
Result: NOTE checkRd: (-1) posteriorFeasibility.Rd:25: Escaped LaTeX specials: \# checkRd: (-1) sp500Returns.Rd:4: Escaped LaTeX specials: \& Flavors: r-devel-linux-x86_64-debian-clang, r-devel-linux-x86_64-debian-gcc, r-devel-linux-x86_64-fedora-clang, r-devel-linux-x86_64-fedora-gcc, r-devel-windows-x86_64, r-patched-linux-x86_64, r-release-linux-x86_64, r-release-macos-arm64, r-release-macos-x86_64, r-release-windows-x86_64, r-oldrel-macos-arm64, r-oldrel-macos-x86_64, r-oldrel-windows-x86_64

Version: 0.3.3
Check: dependencies in R code
Result: NOTE Namespaces in Imports field not imported from: ‘knitr’ ‘rmarkdown’ All declared Imports should be used. Flavors: r-devel-linux-x86_64-fedora-clang, r-devel-linux-x86_64-fedora-gcc