Last updated on 2024-04-23 10:53:57 CEST.
Flavor | Version | Tinstall | Tcheck | Ttotal | Status | Flags |
---|---|---|---|---|---|---|
r-devel-linux-x86_64-debian-clang | 0.2.0 | 874.43 | 285.82 | 1160.25 | NOTE | |
r-devel-linux-x86_64-debian-gcc | 0.2.0 | 787.80 | 351.10 | 1138.90 | NOTE | |
r-devel-linux-x86_64-fedora-clang | 0.2.0 | 1428.27 | NOTE | |||
r-devel-linux-x86_64-fedora-gcc | 0.2.0 | 2037.26 | NOTE | |||
r-prerel-macos-arm64 | 0.2.0 | 350.00 | NOTE | |||
r-prerel-windows-x86_64 | 0.2.0 | 692.00 | 329.00 | 1021.00 | NOTE | |
r-patched-linux-x86_64 | 0.2.0 | 651.52 | 427.89 | 1079.41 | NOTE | |
r-release-linux-x86_64 | 0.2.0 | 704.53 | 428.81 | 1133.34 | NOTE | |
r-release-macos-arm64 | 0.2.0 | 401.00 | NOTE | |||
r-release-macos-x86_64 | 0.2.0 | 625.00 | NOTE | |||
r-release-windows-x86_64 | 0.2.0 | 836.00 | 418.00 | 1254.00 | NOTE | |
r-oldrel-macos-arm64 | 0.2.0 | 316.00 | NOTE | |||
r-oldrel-windows-x86_64 | 0.2.0 | 834.00 | 385.00 | 1219.00 | NOTE |
Version: 0.2.0
Check: for GNU extensions in Makefiles
Result: NOTE
GNU make is a SystemRequirements.
Flavors: r-devel-linux-x86_64-debian-clang, r-devel-linux-x86_64-debian-gcc, r-devel-linux-x86_64-fedora-clang, r-devel-linux-x86_64-fedora-gcc, r-prerel-macos-arm64, r-prerel-windows-x86_64, r-patched-linux-x86_64, r-release-linux-x86_64, r-release-macos-arm64, r-release-macos-x86_64, r-release-windows-x86_64, r-oldrel-macos-arm64, r-oldrel-windows-x86_64
Version: 0.2.0
Check: installed package size
Result: NOTE
installed size is 7.7Mb
sub-directories of 1Mb or more:
libs 7.2Mb
Flavors: r-devel-linux-x86_64-fedora-clang, r-prerel-macos-arm64, r-prerel-windows-x86_64, r-release-macos-arm64, r-release-macos-x86_64, r-release-windows-x86_64, r-oldrel-macos-arm64, r-oldrel-windows-x86_64