Last updated on 2024-03-28 09:51:37 CET.
Flavor | Version | Tinstall | Tcheck | Ttotal | Status | Flags |
---|---|---|---|---|---|---|
r-devel-linux-x86_64-debian-clang | 0.6 | 6.15 | 88.07 | 94.22 | NOTE | |
r-devel-linux-x86_64-debian-gcc | 0.6 | 4.16 | 61.09 | 65.25 | NOTE | |
r-devel-linux-x86_64-fedora-clang | 0.6 | 111.80 | NOTE | |||
r-devel-linux-x86_64-fedora-gcc | 0.6 | 128.22 | NOTE | |||
r-devel-windows-x86_64 | 0.6 | 7.00 | 109.00 | 116.00 | NOTE | |
r-patched-linux-x86_64 | 0.6 | 6.47 | 83.05 | 89.52 | NOTE | |
r-release-linux-x86_64 | 0.6 | 4.85 | 86.65 | 91.50 | OK | |
r-release-macos-arm64 | 0.6 | 44.00 | OK | |||
r-release-macos-x86_64 | 0.6 | 72.00 | OK | |||
r-release-windows-x86_64 | 0.6 | 7.00 | 111.00 | 118.00 | OK | |
r-oldrel-macos-arm64 | 0.6 | 39.00 | OK | |||
r-oldrel-windows-x86_64 | 0.6 | 8.00 | 117.00 | 125.00 | OK |
Version: 0.6
Check: Rd contents
Result: NOTE
Argument items with no description in Rd file 'h.pr.u.Rd':
‘z’ ‘ih’ ‘mu’ ‘sigma’ ‘pk’ ‘K’ ‘H’ ‘n’
Argument items with no description in Rd file 'hatpai.u.Rd':
‘z’ ‘hk1’ ‘hk0’ ‘ph1’ ‘ph0’ ‘sigma1’ ‘sigma0’ ‘mu1’ ‘mu0’ ‘pai’ ‘H’
‘n’
Argument items with no description in Rd file 'ind.u.Rd':
‘pr’
Argument items with no description in Rd file 'lambda.u.Rd':
‘nu’
Argument items with no description in Rd file 'mu.k.u.Rd':
‘k’ ‘ik’ ‘z’ ‘sigma’ ‘mu0’
Argument items with no description in Rd file 'nu.u.Rd':
‘ind’ ‘tau’ ‘H’
Argument items with no description in Rd file 'pai.u.Rd':
‘b’ ‘a.pai’ ‘b.pai’
Argument items with no description in Rd file 'sig.k.u.Rd':
‘k’ ‘ik’ ‘z’ ‘mu0’ ‘a0’ ‘b0’
Argument items with no description in Rd file 'z.pr.u.Rd':
‘z’ ‘hk’ ‘mu’ ‘sigma’ ‘ph’ ‘H’ ‘n’
Flavors: r-devel-linux-x86_64-debian-clang, r-devel-linux-x86_64-debian-gcc, r-devel-linux-x86_64-fedora-clang, r-devel-linux-x86_64-fedora-gcc, r-devel-windows-x86_64, r-patched-linux-x86_64