Last updated on 2022-07-05 11:49:48 CEST.
Flavor | Version | Tinstall | Tcheck | Ttotal | Status | Flags |
---|---|---|---|---|---|---|
r-devel-linux-x86_64-debian-clang | 0.1 | 3.07 | 25.92 | 28.99 | NOTE | |
r-devel-linux-x86_64-debian-gcc | 0.1 | 3.14 | 19.74 | 22.88 | NOTE | |
r-devel-linux-x86_64-fedora-clang | 0.1 | 47.96 | NOTE | |||
r-devel-linux-x86_64-fedora-gcc | 0.1 | 45.75 | NOTE | |||
r-devel-windows-x86_64 | 0.1 | 13.00 | 52.00 | 65.00 | NOTE | |
r-patched-linux-x86_64 | 0.1 | 3.34 | 24.47 | 27.81 | NOTE | |
r-release-linux-x86_64 | 0.1 | 4.13 | 24.41 | 28.54 | NOTE | |
r-release-macos-arm64 | 0.1 | 18.00 | NOTE | |||
r-release-macos-x86_64 | 0.1 | 22.00 | NOTE | |||
r-release-windows-x86_64 | 0.1 | 14.00 | 52.00 | 66.00 | NOTE | |
r-oldrel-macos-arm64 | 0.1 | 22.00 | NOTE | |||
r-oldrel-macos-x86_64 | 0.1 | 30.00 | NOTE | |||
r-oldrel-windows-ix86+x86_64 | 0.1 | 8.00 | 46.00 | 54.00 | NOTE |
Version: 0.1
Check: LazyData
Result: NOTE
'LazyData' is specified without a 'data' directory
Flavors: r-devel-linux-x86_64-debian-clang, r-devel-linux-x86_64-debian-gcc, r-devel-linux-x86_64-fedora-clang, r-devel-linux-x86_64-fedora-gcc, r-devel-windows-x86_64, r-patched-linux-x86_64, r-release-linux-x86_64, r-release-macos-arm64, r-release-macos-x86_64, r-release-windows-x86_64, r-oldrel-macos-arm64, r-oldrel-macos-x86_64, r-oldrel-windows-ix86+x86_64