CRAN Package Check Results for Package BCHM

Last updated on 2022-06-26 11:52:26 CEST.

Flavor Version Tinstall Tcheck Ttotal Status Flags
r-devel-linux-x86_64-debian-clang 1.00 3.85 52.87 56.72 NOTE
r-devel-linux-x86_64-debian-gcc 1.00 2.68 40.29 42.97 NOTE
r-devel-linux-x86_64-fedora-clang 1.00 78.39 NOTE
r-devel-linux-x86_64-fedora-gcc 1.00 77.78 NOTE
r-devel-windows-x86_64 1.00 14.00 82.00 96.00 NOTE
r-patched-linux-x86_64 1.00 3.00 52.63 55.63 NOTE
r-release-linux-x86_64 1.00 3.68 51.60 55.28 NOTE
r-release-macos-arm64 1.00 30.00 NOTE
r-release-macos-x86_64 1.00 37.00 NOTE
r-release-windows-x86_64 1.00 14.00 83.00 97.00 NOTE
r-oldrel-macos-arm64 1.00 29.00 NOTE
r-oldrel-macos-x86_64 1.00 44.00 NOTE
r-oldrel-windows-ix86+x86_64 1.00 8.00 67.00 75.00 NOTE

Check Details

Version: 1.00
Check: LazyData
Result: NOTE
     'LazyData' is specified without a 'data' directory
Flavors: r-devel-linux-x86_64-debian-clang, r-devel-linux-x86_64-debian-gcc, r-devel-linux-x86_64-fedora-clang, r-devel-linux-x86_64-fedora-gcc, r-devel-windows-x86_64, r-patched-linux-x86_64, r-release-linux-x86_64, r-release-macos-arm64, r-release-macos-x86_64, r-release-windows-x86_64, r-oldrel-macos-arm64, r-oldrel-macos-x86_64, r-oldrel-windows-ix86+x86_64

Version: 1.00
Check: dependencies in R code
Result: NOTE
    Namespaces in Imports field not imported from:
     ‘coda’ ‘knitr’ ‘plyr’
     All declared Imports should be used.
Flavors: r-devel-linux-x86_64-fedora-clang, r-devel-linux-x86_64-fedora-gcc, r-release-macos-arm64, r-release-macos-x86_64, r-oldrel-macos-arm64, r-oldrel-macos-x86_64