Last updated on 2024-04-26 12:54:26 CEST.
Flavor | Version | Tinstall | Tcheck | Ttotal | Status | Flags |
---|---|---|---|---|---|---|
r-devel-linux-x86_64-debian-clang | 1.00 | 3.71 | 44.35 | 48.06 | NOTE | |
r-devel-linux-x86_64-debian-gcc | 1.00 | 2.49 | 32.46 | 34.95 | NOTE | |
r-devel-linux-x86_64-fedora-clang | 1.00 | 60.15 | NOTE | |||
r-devel-linux-x86_64-fedora-gcc | 1.00 | 88.12 | NOTE | |||
r-devel-windows-x86_64 | 1.00 | 4.00 | 56.00 | 60.00 | NOTE | |
r-patched-linux-x86_64 | 1.00 | 2.49 | 42.26 | 44.75 | NOTE | |
r-release-linux-x86_64 | 1.00 | 3.10 | 39.97 | 43.07 | NOTE | |
r-release-macos-arm64 | 1.00 | 31.00 | NOTE | |||
r-release-windows-x86_64 | 1.00 | 4.00 | 55.00 | 59.00 | NOTE | |
r-oldrel-macos-arm64 | 1.00 | 32.00 | NOTE | |||
r-oldrel-macos-x86_64 | 1.00 | 44.00 | NOTE | |||
r-oldrel-windows-x86_64 | 1.00 | 6.00 | 57.00 | 63.00 | NOTE |
Version: 1.00
Check: LazyData
Result: NOTE
'LazyData' is specified without a 'data' directory
Flavors: r-devel-linux-x86_64-debian-clang, r-devel-linux-x86_64-debian-gcc, r-devel-linux-x86_64-fedora-clang, r-devel-linux-x86_64-fedora-gcc, r-devel-windows-x86_64, r-patched-linux-x86_64, r-release-linux-x86_64, r-release-macos-arm64, r-release-windows-x86_64, r-oldrel-macos-arm64, r-oldrel-macos-x86_64, r-oldrel-windows-x86_64
Version: 1.00
Check: dependencies in R code
Result: NOTE
Namespaces in Imports field not imported from:
‘coda’ ‘knitr’ ‘plyr’
All declared Imports should be used.
Flavors: r-devel-linux-x86_64-fedora-clang, r-devel-linux-x86_64-fedora-gcc