Last updated on 2023-10-01 12:00:31 CEST.
Flavor | Version | Tinstall | Tcheck | Ttotal | Status | Flags |
---|---|---|---|---|---|---|
r-devel-linux-x86_64-debian-clang | 1.0.1 | 112.52 | 258.00 | 370.52 | OK | |
r-devel-linux-x86_64-debian-gcc | 1.0.1 | 77.43 | 185.46 | 262.89 | OK | |
r-devel-linux-x86_64-fedora-clang | 1.0.1 | 485.16 | NOTE | |||
r-devel-linux-x86_64-fedora-gcc | 1.0.1 | 500.65 | OK | |||
r-devel-windows-x86_64 | 1.0.1 | 80.00 | 216.00 | 296.00 | NOTE | |
r-patched-linux-x86_64 | 1.0.1 | 77.26 | 237.43 | 314.69 | OK | |
r-release-linux-x86_64 | 1.0.1 | 92.60 | 241.56 | 334.16 | OK | |
r-release-macos-arm64 | 1.0.1 | 6.00 | ERROR | |||
r-release-macos-x86_64 | 1.0.1 | 8.00 | ERROR | |||
r-release-windows-x86_64 | 1.0.1 | 102.00 | 261.00 | 363.00 | NOTE | |
r-oldrel-macos-arm64 | 1.0.1 | 13.00 | ERROR | |||
r-oldrel-macos-x86_64 | 1.0.1 | 12.00 | ERROR | |||
r-oldrel-windows-x86_64 | 1.0.1 | 95.00 | 260.00 | 355.00 | NOTE |
Version: 1.0.1
Check: installed package size
Result: NOTE
installed size is 5.2Mb
sub-directories of 1Mb or more:
doc 1.2Mb
extdata 3.3Mb
Flavors: r-devel-linux-x86_64-fedora-clang, r-devel-windows-x86_64, r-release-windows-x86_64, r-oldrel-windows-x86_64
Version: 1.0.1
Check: package dependencies
Result: ERROR
Package required but not available: ‘mixAK’
See section ‘The DESCRIPTION file’ in the ‘Writing R Extensions’
manual.
Flavors: r-release-macos-arm64, r-release-macos-x86_64, r-oldrel-macos-arm64, r-oldrel-macos-x86_64