Last updated on 2025-07-04 12:48:55 CEST.
Flavor | Version | Tinstall | Tcheck | Ttotal | Status | Flags |
---|---|---|---|---|---|---|
r-devel-linux-x86_64-debian-clang | 1.13 | 5.84 | 47.53 | 53.37 | NOTE | |
r-devel-linux-x86_64-debian-gcc | 1.13 | 4.15 | 34.57 | 38.72 | NOTE | |
r-devel-linux-x86_64-fedora-clang | 1.13 | 80.29 | NOTE | |||
r-devel-linux-x86_64-fedora-gcc | 1.13 | 76.77 | NOTE | |||
r-devel-windows-x86_64 | 1.13 | 10.00 | 93.00 | 103.00 | NOTE | |
r-patched-linux-x86_64 | 1.13 | 7.01 | 42.96 | 49.97 | NOTE | |
r-release-linux-x86_64 | 1.13 | 5.28 | 43.17 | 48.45 | NOTE | |
r-release-macos-arm64 | 1.13 | 39.00 | NOTE | |||
r-release-macos-x86_64 | 1.13 | 57.00 | NOTE | |||
r-release-windows-x86_64 | 1.13 | 10.00 | 91.00 | 101.00 | NOTE | |
r-oldrel-macos-arm64 | 1.13 | 34.00 | NOTE | |||
r-oldrel-macos-x86_64 | 1.13 | 50.00 | NOTE | |||
r-oldrel-windows-x86_64 | 1.13 | 12.00 | 101.00 | 113.00 | NOTE |
Version: 1.13
Check: Rd files
Result: NOTE
checkRd: (-1) getOperatingSystem.Rd:26: Lost braces in \itemize; meant \describe ?
checkRd: (-1) getOperatingSystem.Rd:27: Lost braces in \itemize; meant \describe ?
checkRd: (-1) getOperatingSystem.Rd:28: Lost braces in \itemize; meant \describe ?
checkRd: (-1) getOperatingSystem.Rd:29: Lost braces in \itemize; meant \describe ?
checkRd: (-1) getOperatingSystem.Rd:30: Lost braces in \itemize; meant \describe ?
Flavors: r-devel-linux-x86_64-debian-clang, r-devel-linux-x86_64-debian-gcc, r-devel-linux-x86_64-fedora-clang, r-devel-linux-x86_64-fedora-gcc, r-devel-windows-x86_64, r-patched-linux-x86_64, r-release-linux-x86_64, r-release-macos-arm64, r-release-macos-x86_64, r-release-windows-x86_64, r-oldrel-macos-arm64, r-oldrel-macos-x86_64, r-oldrel-windows-x86_64