Last updated on 2024-03-28 09:51:37 CET.
Flavor | Version | Tinstall | Tcheck | Ttotal | Status | Flags |
---|---|---|---|---|---|---|
r-devel-linux-x86_64-debian-clang | 1.3.2 | 50.06 | 409.23 | 459.29 | OK | |
r-devel-linux-x86_64-debian-gcc | 1.3.2 | 38.66 | 295.07 | 333.73 | OK | |
r-devel-linux-x86_64-fedora-clang | 1.3.2 | 548.06 | NOTE | |||
r-devel-linux-x86_64-fedora-gcc | 1.3.2 | 563.17 | NOTE | |||
r-devel-windows-x86_64 | 1.3.2 | 36.00 | 256.00 | 292.00 | OK | |
r-patched-linux-x86_64 | 1.3.2 | 38.66 | 388.64 | 427.30 | OK | |
r-release-linux-x86_64 | 1.3.2 | 29.98 | 394.57 | 424.55 | OK | |
r-release-macos-arm64 | 1.3.2 | 120.00 | OK | |||
r-release-macos-x86_64 | 1.3.2 | 304.00 | OK | |||
r-release-windows-x86_64 | 1.3.2 | 51.00 | 353.00 | 404.00 | OK | |
r-oldrel-macos-arm64 | 1.3.2 | 121.00 | OK | |||
r-oldrel-windows-x86_64 | 1.3.2 | 51.00 | 336.00 | 387.00 | OK |
Version: 1.3.2
Check: data for non-ASCII characters
Result: NOTE
Note: found 493 marked UTF-8 strings
Flavors: r-devel-linux-x86_64-fedora-clang, r-devel-linux-x86_64-fedora-gcc