CRAN Package Check Results for Package BAwiR

Last updated on 2024-02-27 11:49:44 CET.

Flavor Version Tinstall Tcheck Ttotal Status Flags
r-devel-linux-x86_64-debian-clang 1.3.2 47.06 410.00 457.06 OK
r-devel-linux-x86_64-debian-gcc 1.3.2 37.56 294.23 331.79 OK
r-devel-linux-x86_64-fedora-clang 1.3.2 550.35 NOTE
r-devel-linux-x86_64-fedora-gcc 1.3.2 571.75 NOTE
r-devel-windows-x86_64 1.3.2 36.00 259.00 295.00 OK
r-patched-linux-x86_64 1.3.2 30.80 388.22 419.02 OK
r-release-linux-x86_64 1.3.2 31.19 391.34 422.53 OK
r-release-macos-arm64 1.3.2 120.00 OK
r-release-macos-x86_64 1.3.2 304.00 OK
r-release-windows-x86_64 1.3.2 50.00 354.00 404.00 OK
r-oldrel-macos-arm64 1.3.2 121.00 OK
r-oldrel-windows-x86_64 1.3.2 49.00 331.00 380.00 OK

Check Details

Version: 1.3.2
Check: data for non-ASCII characters
Result: NOTE Note: found 493 marked UTF-8 strings Flavors: r-devel-linux-x86_64-fedora-clang, r-devel-linux-x86_64-fedora-gcc