Last updated on 2022-07-02 12:52:57 CEST.
Flavor | Version | Tinstall | Tcheck | Ttotal | Status | Flags |
---|---|---|---|---|---|---|
r-devel-linux-x86_64-debian-clang | 1.2.2 | 11.78 | 83.75 | 95.53 | OK | --no-vignettes |
r-devel-linux-x86_64-debian-gcc | 1.2.2 | 5.16 | 61.04 | 66.20 | OK | --no-vignettes |
r-devel-linux-x86_64-fedora-clang | 1.2.2 | 119.65 | OK | --no-vignettes | ||
r-devel-linux-x86_64-fedora-gcc | 1.2.2 | 117.57 | OK | --no-vignettes | ||
r-devel-windows-x86_64 | 1.2.2 | 37.00 | 100.00 | 137.00 | OK | --no-vignettes |
r-patched-linux-x86_64 | 1.2.2 | 11.11 | 79.86 | 90.97 | OK | --no-vignettes |
r-release-linux-x86_64 | 1.2.2 | 8.00 | 80.24 | 88.24 | OK | --no-vignettes |
r-release-macos-arm64 | 1.2.2 | 1190.00 | OK | |||
r-release-macos-x86_64 | 1.2.2 | 1803.00 | ERROR | |||
r-release-windows-x86_64 | 1.2.2 | 33.00 | 91.00 | 124.00 | OK | --no-vignettes |
r-oldrel-macos-arm64 | 1.2.2 | 1157.00 | OK | |||
r-oldrel-macos-x86_64 | 1.2.2 | 1803.00 | OK | |||
r-oldrel-windows-ix86+x86_64 | 1.2.2 | 16.00 | 100.00 | 116.00 | OK | --no-vignettes |
Version: 1.2.2
Check: re-building of vignette outputs
Result: ERROR
Error(s) in re-building vignettes:
...
--- re-building ‘article4.Rnw’ using knitr
Execution halted
* checking PDF version of manual ...* using check arguments '--no-clean-on-error '
Flavor: r-release-macos-x86_64