Last updated on 2024-08-31 11:49:22 CEST.
Flavor | Version | Tinstall | Tcheck | Ttotal | Status | Flags |
---|---|---|---|---|---|---|
r-devel-linux-x86_64-debian-clang | 2.9.9 | 85.40 | 138.69 | 224.09 | OK | |
r-devel-linux-x86_64-debian-gcc | 2.9.9 | 59.56 | 93.68 | 153.24 | OK | |
r-devel-linux-x86_64-fedora-clang | 2.9.9 | 419.60 | OK | |||
r-devel-linux-x86_64-fedora-gcc | 2.9.9 | 426.74 | OK | |||
r-devel-windows-x86_64 | 2.9.9 | 94.00 | 175.00 | 269.00 | NOTE | |
r-patched-linux-x86_64 | 2.9.9 | 88.52 | 127.25 | 215.77 | OK | |
r-release-linux-x86_64 | 2.9.9 | 83.12 | 128.25 | 211.37 | OK | |
r-release-macos-arm64 | 2.9.9 | 125.00 | NOTE | |||
r-release-macos-x86_64 | 2.9.9 | 213.00 | NOTE | |||
r-release-windows-x86_64 | 2.9.9 | 100.00 | 191.00 | 291.00 | NOTE | |
r-oldrel-macos-arm64 | 2.9.9 | 148.00 | NOTE | |||
r-oldrel-macos-x86_64 | 2.9.9 | 200.00 | NOTE | |||
r-oldrel-windows-x86_64 | 2.9.9 | 113.00 | 205.00 | 318.00 | NOTE |
Version: 2.9.9
Check: installed package size
Result: NOTE
installed size is 5.9Mb
sub-directories of 1Mb or more:
data 3.1Mb
libs 1.3Mb
Flavors: r-devel-windows-x86_64, r-release-macos-arm64, r-release-macos-x86_64, r-release-windows-x86_64, r-oldrel-macos-arm64, r-oldrel-macos-x86_64, r-oldrel-windows-x86_64