Last updated on 2024-04-22 12:55:32 CEST.
Flavor | Version | Tinstall | Tcheck | Ttotal | Status | Flags |
---|---|---|---|---|---|---|
r-devel-linux-x86_64-debian-clang | 2.2.2 | 7.80 | 43.26 | 51.06 | OK | |
r-devel-linux-x86_64-debian-gcc | 2.2.2 | 6.05 | 32.68 | 38.73 | OK | |
r-devel-linux-x86_64-fedora-clang | 2.2.2 | 65.83 | OK | |||
r-devel-linux-x86_64-fedora-gcc | 2.2.2 | 81.32 | OK | |||
r-prerel-macos-arm64 | 2.2.2 | 28.00 | OK | |||
r-prerel-windows-x86_64 | 2.2.2 | 8.00 | 57.00 | 65.00 | OK | |
r-patched-linux-x86_64 | 2.2.2 | 6.43 | 42.29 | 48.72 | OK | |
r-release-linux-x86_64 | 2.2.2 | 7.29 | 40.95 | 48.24 | OK | |
r-release-macos-arm64 | 2.2.2 | 28.00 | OK | |||
r-release-macos-x86_64 | 2.2.2 | 43.00 | NOTE | |||
r-release-windows-x86_64 | 2.2.2 | 10.00 | 58.00 | 68.00 | OK | |
r-oldrel-macos-arm64 | 2.2.2 | 20.00 | OK | |||
r-oldrel-windows-x86_64 | 2.2.2 | 11.00 | 57.00 | 68.00 | OK |
Version: 2.2.2
Check: package dependencies
Result: NOTE
Package suggested but not available for checking: ‘AzureKeyVault’
Flavor: r-release-macos-x86_64