Last updated on 2024-04-20 11:50:05 CEST.
Flavor | Version | Tinstall | Tcheck | Ttotal | Status | Flags |
---|---|---|---|---|---|---|
r-devel-linux-x86_64-debian-clang | 1.0.5 | 10.56 | 34.95 | 45.51 | OK | |
r-devel-linux-x86_64-debian-gcc | 1.0.5 | 9.28 | 26.55 | 35.83 | OK | |
r-devel-linux-x86_64-fedora-clang | 1.0.5 | 60.94 | NOTE | |||
r-devel-linux-x86_64-fedora-gcc | 1.0.5 | 76.62 | NOTE | |||
r-prerel-macos-arm64 | 1.0.5 | 26.00 | OK | |||
r-prerel-windows-x86_64 | 1.0.5 | 10.00 | 51.00 | 61.00 | OK | |
r-patched-linux-x86_64 | 1.0.5 | 16.56 | 33.26 | 49.82 | OK | |
r-release-linux-x86_64 | 1.0.5 | 8.87 | 32.57 | 41.44 | OK | |
r-release-macos-arm64 | 1.0.5 | 28.00 | OK | |||
r-release-macos-x86_64 | 1.0.5 | 42.00 | OK | |||
r-release-windows-x86_64 | 1.0.5 | 15.00 | 50.00 | 65.00 | OK | |
r-oldrel-macos-arm64 | 1.0.5 | 22.00 | NOTE | |||
r-oldrel-windows-x86_64 | 1.0.5 | 14.00 | 52.00 | 66.00 | OK |
Version: 1.0.5
Check: dependencies in R code
Result: NOTE
Namespaces in Imports field not imported from:
‘R6’ ‘jose’ ‘openssl’
All declared Imports should be used.
Flavors: r-devel-linux-x86_64-fedora-clang, r-devel-linux-x86_64-fedora-gcc, r-oldrel-macos-arm64