CRAN Package Check Results for Package AzureContainers

Last updated on 2022-06-29 11:52:03 CEST.

Flavor Version Tinstall Tcheck Ttotal Status Flags
r-devel-linux-x86_64-debian-clang 1.3.2 6.56 35.70 42.26 OK
r-devel-linux-x86_64-debian-gcc 1.3.2 5.35 27.92 33.27 OK
r-devel-linux-x86_64-fedora-clang 1.3.2 64.43 NOTE
r-devel-linux-x86_64-fedora-gcc 1.3.2 61.83 NOTE
r-devel-windows-x86_64 1.3.2 73.00 78.00 151.00 OK
r-patched-linux-x86_64 1.3.2 13.45 35.51 48.96 OK
r-release-linux-x86_64 1.3.2 6.54 35.16 41.70 OK
r-release-macos-arm64 1.3.2 27.00 NOTE
r-release-macos-x86_64 1.3.2 39.00 NOTE
r-release-windows-x86_64 1.3.2 87.00 74.00 161.00 OK
r-oldrel-macos-arm64 1.3.2 28.00 NOTE
r-oldrel-macos-x86_64 1.3.2 34.00 NOTE
r-oldrel-windows-ix86+x86_64 1.3.2 13.00 59.00 72.00 OK

Check Details

Version: 1.3.2
Check: dependencies in R code
Result: NOTE
    Namespace in Imports field not imported from: ‘openssl’
     All declared Imports should be used.
Flavors: r-devel-linux-x86_64-fedora-clang, r-devel-linux-x86_64-fedora-gcc, r-release-macos-arm64, r-release-macos-x86_64, r-oldrel-macos-arm64, r-oldrel-macos-x86_64

Version: 1.3.2
Check: Rd cross-references
Result: NOTE
    Undeclared package ‘AzureAuth’ in Rd xrefs
Flavor: r-devel-linux-x86_64-fedora-clang