CRAN Package Check Results for Package AutoScore

Last updated on 2022-06-28 12:52:17 CEST.

Flavor Version Tinstall Tcheck Ttotal Status Flags
r-devel-linux-x86_64-debian-clang 0.3.0 15.36 380.99 396.35 OK
r-devel-linux-x86_64-debian-gcc 0.3.0 9.74 290.03 299.77 OK
r-devel-linux-x86_64-fedora-clang 0.3.0 473.78 WARN
r-devel-linux-x86_64-fedora-gcc 0.3.0 462.02 WARN
r-devel-windows-x86_64 0.3.0 28.00 433.00 461.00 OK
r-patched-linux-x86_64 0.3.0 12.26 371.71 383.97 OK
r-release-linux-x86_64 0.3.0 11.76 374.40 386.16 OK
r-release-macos-arm64 0.3.0 164.00 NOTE
r-release-macos-x86_64 0.3.0 261.00 NOTE
r-release-windows-x86_64 0.3.0 40.00 425.00 465.00 OK
r-oldrel-macos-arm64 0.3.0 159.00 NOTE
r-oldrel-macos-x86_64 0.3.0 219.00 NOTE
r-oldrel-windows-ix86+x86_64 0.3.0 31.00 448.00 479.00 OK

Check Details

Version: 0.3.0
Check: package dependencies
Result: WARN
    Requires (indirectly) orphaned package: ‘gtools’
Flavors: r-devel-linux-x86_64-fedora-clang, r-devel-linux-x86_64-fedora-gcc

Version: 0.3.0
Check: dependencies in R code
Result: NOTE
    Namespace in Imports field not imported from: ‘rpart’
     All declared Imports should be used.
Flavors: r-devel-linux-x86_64-fedora-clang, r-devel-linux-x86_64-fedora-gcc, r-release-macos-arm64, r-release-macos-x86_64, r-oldrel-macos-arm64, r-oldrel-macos-x86_64