Last updated on 2025-04-29 12:52:30 CEST.
Flavor | Version | Tinstall | Tcheck | Ttotal | Status | Flags |
---|---|---|---|---|---|---|
r-devel-linux-x86_64-debian-clang | 2.3 | 2.56 | 34.49 | 37.05 | NOTE | |
r-devel-linux-x86_64-debian-gcc | 2.3 | 2.00 | 25.28 | 27.28 | NOTE | |
r-devel-linux-x86_64-fedora-clang | 2.3 | 59.16 | OK | |||
r-devel-linux-x86_64-fedora-gcc | 2.3 | 59.99 | OK | |||
r-devel-windows-x86_64 | 2.3 | 3.00 | 54.00 | 57.00 | OK | |
r-patched-linux-x86_64 | 2.3 | 2.55 | 32.97 | 35.52 | OK | |
r-release-linux-x86_64 | 2.3 | 2.60 | 32.85 | 35.45 | OK | |
r-release-macos-arm64 | 2.3 | 21.00 | OK | |||
r-release-macos-x86_64 | 2.3 | 53.00 | OK | |||
r-release-windows-x86_64 | 2.3 | 4.00 | 54.00 | 58.00 | OK | |
r-oldrel-macos-arm64 | 2.3 | 25.00 | OK | |||
r-oldrel-macos-x86_64 | 2.3 | 29.00 | OK | |||
r-oldrel-windows-x86_64 | 2.3 | 5.00 | 51.00 | 56.00 | OK |
Version: 2.3
Check: CRAN incoming feasibility
Result: NOTE
Maintainer: ‘Shannon T. Holloway <shannon.t.holloway@gmail.com>’
No Authors@R field in DESCRIPTION.
Please add one, modifying
Authors@R: c(person(given = "Hongyuan",
family = "Cao",
role = "aut"),
person(given = "Donglin",
family = "Zeng",
role = "aut"),
person(given = "Jialiang",
family = "Li",
role = "aut"),
person(given = c("Jason", "P."),
family = "Fine",
role = "aut"),
person(given = c("Shannon", "T."),
family = "Holloway",
role = c("aut", "cre"),
email = "shannon.t.holloway@gmail.com"))
as necessary.
Flavors: r-devel-linux-x86_64-debian-clang, r-devel-linux-x86_64-debian-gcc