CRAN Package Check Results for Package Arothron

Last updated on 2022-06-24 11:52:02 CEST.

Flavor Version Tinstall Tcheck Ttotal Status Flags
r-devel-linux-x86_64-debian-clang 2.0.3 13.79 123.28 137.07 OK
r-devel-linux-x86_64-debian-gcc 2.0.3 10.84 93.37 104.21 OK
r-devel-linux-x86_64-fedora-clang 2.0.3 173.68 NOTE
r-devel-linux-x86_64-fedora-gcc 2.0.3 175.35 OK
r-devel-windows-x86_64 2.0.3 59.00 150.00 209.00 NOTE
r-patched-linux-x86_64 2.0.3 14.30 117.91 132.21 OK
r-release-linux-x86_64 2.0.3 14.80 118.60 133.40 OK
r-release-macos-arm64 2.0.3 45.00 NOTE
r-release-macos-x86_64 2.0.3 72.00 NOTE
r-release-windows-x86_64 2.0.3 57.00 153.00 210.00 NOTE
r-oldrel-macos-arm64 2.0.3 52.00 NOTE
r-oldrel-macos-x86_64 2.0.3 67.00 NOTE
r-oldrel-windows-ix86+x86_64 2.0.3 29.00 139.00 168.00 NOTE

Check Details

Version: 2.0.3
Check: installed package size
Result: NOTE
     installed size is 5.2Mb
     sub-directories of 1Mb or more:
     data 5.0Mb
Flavors: r-devel-linux-x86_64-fedora-clang, r-devel-windows-x86_64, r-release-macos-arm64, r-release-macos-x86_64, r-release-windows-x86_64, r-oldrel-macos-arm64, r-oldrel-macos-x86_64, r-oldrel-windows-ix86+x86_64