Last updated on 2022-07-01 11:51:54 CEST.
Flavor | Version | Tinstall | Tcheck | Ttotal | Status | Flags |
---|---|---|---|---|---|---|
r-devel-linux-x86_64-debian-clang | 1.8 | 13.83 | 212.09 | 225.92 | OK | |
r-devel-linux-x86_64-debian-gcc | 1.8 | 12.86 | 158.17 | 171.03 | OK | |
r-devel-linux-x86_64-fedora-clang | 1.8 | 278.43 | WARN | |||
r-devel-linux-x86_64-fedora-gcc | 1.8 | 278.10 | WARN | |||
r-devel-windows-x86_64 | 1.8 | 130.00 | 278.00 | 408.00 | NOTE | |
r-patched-linux-x86_64 | 1.8 | 10.26 | 200.40 | 210.66 | OK | |
r-release-linux-x86_64 | 1.8 | 9.81 | 205.00 | 214.81 | OK | |
r-release-macos-arm64 | 1.8 | 84.00 | NOTE | |||
r-release-macos-x86_64 | 1.8 | 126.00 | NOTE | |||
r-release-windows-x86_64 | 1.8 | 133.00 | 282.00 | 415.00 | NOTE | |
r-oldrel-macos-arm64 | 1.8 | 79.00 | NOTE | |||
r-oldrel-macos-x86_64 | 1.8 | 132.00 | NOTE | |||
r-oldrel-windows-ix86+x86_64 | 1.8 | 34.00 | 279.00 | 313.00 | NOTE |
Version: 1.8
Check: package dependencies
Result: WARN
Requires orphaned package: ‘gtools’
Flavors: r-devel-linux-x86_64-fedora-clang, r-devel-linux-x86_64-fedora-gcc
Version: 1.8
Check: installed package size
Result: NOTE
installed size is 7.2Mb
sub-directories of 1Mb or more:
doc 5.8Mb
Flavors: r-devel-linux-x86_64-fedora-clang, r-devel-windows-x86_64, r-release-macos-arm64, r-release-macos-x86_64, r-release-windows-x86_64, r-oldrel-macos-arm64, r-oldrel-macos-x86_64, r-oldrel-windows-ix86+x86_64
Version: 1.8
Check: Rd cross-references
Result: NOTE
Undeclared package ‘RCurl’ in Rd xrefs
Flavor: r-devel-linux-x86_64-fedora-clang