Last updated on 2024-04-17 10:41:30 CEST.
Flavor | Version | Tinstall | Tcheck | Ttotal | Status | Flags |
---|---|---|---|---|---|---|
r-devel-linux-x86_64-debian-clang | 1.1.0 | 71.76 | 301.66 | 373.42 | NOTE | |
r-devel-linux-x86_64-debian-gcc | 1.1.0 | 60.13 | 305.93 | 366.06 | NOTE | |
r-devel-linux-x86_64-fedora-clang | 1.1.0 | 542.55 | NOTE | |||
r-devel-linux-x86_64-fedora-gcc | 1.1.0 | 549.57 | NOTE | |||
r-prerel-macos-arm64 | 1.1.0 | 121.00 | NOTE | |||
r-prerel-windows-x86_64 | 1.1.0 | 57.00 | 296.00 | 353.00 | NOTE | |
r-patched-linux-x86_64 | 1.1.0 | 54.02 | 419.57 | 473.59 | NOTE | |
r-release-linux-x86_64 | 1.1.0 | 66.66 | 382.13 | 448.79 | NOTE | |
r-release-macos-arm64 | 1.1.0 | 140.00 | NOTE | |||
r-release-macos-x86_64 | 1.1.0 | 216.00 | NOTE | |||
r-release-windows-x86_64 | 1.1.0 | 74.00 | 348.00 | 422.00 | NOTE | |
r-oldrel-macos-arm64 | 1.1.0 | 119.00 | NOTE | |||
r-oldrel-windows-x86_64 | 1.1.0 | 72.00 | 345.00 | 417.00 | OK |
Version: 1.1.0
Check: C++ specification
Result: NOTE
Specified C++11: please drop specification unless essential
Flavors: r-devel-linux-x86_64-debian-clang, r-devel-linux-x86_64-debian-gcc, r-devel-linux-x86_64-fedora-clang, r-devel-linux-x86_64-fedora-gcc, r-prerel-macos-arm64, r-prerel-windows-x86_64, r-patched-linux-x86_64, r-release-linux-x86_64, r-release-macos-arm64, r-release-macos-x86_64, r-release-windows-x86_64
Version: 1.1.0
Check: dependencies in R code
Result: NOTE
Namespaces in Imports field not imported from:
‘Rdpack’ ‘mcclust’
All declared Imports should be used.
Flavors: r-devel-linux-x86_64-fedora-clang, r-devel-linux-x86_64-fedora-gcc, r-oldrel-macos-arm64
Version: 1.1.0
Check: installed package size
Result: NOTE
installed size is 5.6Mb
sub-directories of 1Mb or more:
libs 5.3Mb
Flavors: r-prerel-macos-arm64, r-release-macos-arm64, r-release-macos-x86_64, r-oldrel-macos-arm64