CRAN Package Check Results for Package AncestryMapper

Last updated on 2024-02-25 10:54:18 CET.

Flavor Version Tinstall Tcheck Ttotal Status Flags
r-devel-linux-x86_64-debian-clang 2.0 5.30 85.92 91.22 NOTE
r-devel-linux-x86_64-debian-gcc 2.0 3.97 67.39 71.36 NOTE
r-devel-linux-x86_64-fedora-clang 2.0 114.24 NOTE
r-devel-linux-x86_64-fedora-gcc 2.0 124.61 NOTE
r-devel-windows-x86_64 2.0 8.00 101.00 109.00 NOTE
r-patched-linux-x86_64 2.0 5.10 84.44 89.54 NOTE
r-release-linux-x86_64 2.0 3.92 84.06 87.98 NOTE
r-release-macos-arm64 2.0 57.00 NOTE
r-release-macos-x86_64 2.0 75.00 NOTE
r-release-windows-x86_64 2.0 10.00 112.00 122.00 NOTE
r-oldrel-macos-arm64 2.0 51.00 OK
r-oldrel-windows-x86_64 2.0 11.00 118.00 129.00 OK

Check Details

Version: 2.0
Check: Rd files
Result: NOTE checkRd: (-1) AncestryMapper2.0-package.Rd:33: Escaped LaTeX specials: \~ checkRd: (-1) AncestryMapper2.0-package.Rd:38: Escaped LaTeX specials: \~ Flavors: r-devel-linux-x86_64-debian-clang, r-devel-linux-x86_64-debian-gcc, r-devel-linux-x86_64-fedora-clang, r-devel-linux-x86_64-fedora-gcc, r-devel-windows-x86_64, r-patched-linux-x86_64, r-release-linux-x86_64, r-release-macos-arm64, r-release-macos-x86_64, r-release-windows-x86_64