Last updated on 2024-04-23 10:53:56 CEST.
Flavor | Version | Tinstall | Tcheck | Ttotal | Status | Flags |
---|---|---|---|---|---|---|
r-devel-linux-x86_64-debian-clang | 0.1.5 | 0.40 | 2.02 | 2.42 | ERROR | |
r-devel-linux-x86_64-debian-gcc | 0.1.5 | 29.05 | 234.93 | 263.98 | OK | |
r-devel-linux-x86_64-fedora-clang | 0.1.5 | 493.14 | OK | |||
r-devel-linux-x86_64-fedora-gcc | 0.1.5 | 460.75 | OK | |||
r-prerel-macos-arm64 | 0.1.5 | 119.00 | OK | |||
r-prerel-macos-x86_64 | 0.1.5 | 223.00 | OK | |||
r-prerel-windows-x86_64 | 0.1.5 | 33.00 | 241.00 | 274.00 | OK | |
r-patched-linux-x86_64 | 0.1.5 | 35.48 | 302.92 | 338.40 | OK | |
r-release-linux-x86_64 | 0.1.5 | 34.18 | 325.66 | 359.84 | OK | |
r-release-macos-arm64 | 0.1.5 | 114.00 | OK | |||
r-release-macos-x86_64 | 0.1.5 | 170.00 | OK | |||
r-release-windows-x86_64 | 0.1.5 | 45.00 | 317.00 | 362.00 | OK | |
r-oldrel-macos-arm64 | 0.1.5 | 139.00 | OK | |||
r-oldrel-windows-x86_64 | 0.1.5 | 50.00 | 325.00 | 375.00 | OK |
Version: 0.1.5
Check: package dependencies
Result: ERROR
Package required but not available: ‘DESeq2’
See section ‘The DESCRIPTION file’ in the ‘Writing R Extensions’
manual.
Flavor: r-devel-linux-x86_64-debian-clang