CRAN Package Check Results for Package AlphaSimR

Last updated on 2022-06-25 10:52:57 CEST.

Flavor Version Tinstall Tcheck Ttotal Status Flags
r-devel-linux-x86_64-debian-clang 1.2 309.49 102.51 412.00 OK
r-devel-linux-x86_64-debian-gcc 1.2 228.87 68.91 297.78 OK
r-devel-linux-x86_64-fedora-clang 1.2 631.43 NOTE
r-devel-linux-x86_64-fedora-gcc 1.2 519.57 OK
r-devel-windows-x86_64 1.2 293.00 151.00 444.00 OK
r-patched-linux-x86_64 1.2 256.09 86.94 343.03 OK
r-release-linux-x86_64 1.2 252.04 87.14 339.18 OK
r-release-macos-arm64 1.2 114.00 NOTE
r-release-macos-x86_64 1.2 160.00 NOTE
r-release-windows-x86_64 1.2 298.00 146.00 444.00 OK
r-oldrel-macos-arm64 1.2 113.00 NOTE
r-oldrel-macos-x86_64 1.2 164.00 NOTE
r-oldrel-windows-ix86+x86_64 1.2 668.00 161.00 829.00 NOTE

Check Details

Version: 1.2
Check: installed package size
Result: NOTE
     installed size is 14.2Mb
     sub-directories of 1Mb or more:
     libs 13.0Mb
Flavors: r-devel-linux-x86_64-fedora-clang, r-release-macos-arm64, r-release-macos-x86_64, r-oldrel-macos-arm64, r-oldrel-macos-x86_64, r-oldrel-windows-ix86+x86_64