Last updated on 2025-04-14 11:50:01 CEST.
Flavor | Version | Tinstall | Tcheck | Ttotal | Status | Flags |
---|---|---|---|---|---|---|
r-devel-linux-x86_64-debian-clang | 0.1.1.5 | 67.15 | 82.33 | 149.48 | OK | |
r-devel-linux-x86_64-debian-gcc | 0.1.1.5 | 48.07 | 59.79 | 107.86 | OK | |
r-devel-linux-x86_64-fedora-gcc | 0.1.1.5 | 283.44 | OK | |||
r-devel-windows-x86_64 | 0.1.1.5 | 73.00 | 128.00 | 201.00 | OK | |
r-patched-linux-x86_64 | 0.1.1.5 | 66.52 | 81.63 | 148.15 | OK | |
r-release-linux-x86_64 | 0.1.1.5 | 67.49 | 80.85 | 148.34 | OK | |
r-release-macos-arm64 | 0.1.1.5 | 76.00 | OK | |||
r-release-macos-x86_64 | 0.1.1.5 | 152.00 | OK | |||
r-release-windows-x86_64 | 0.1.1.5 | 87.00 | 150.00 | 237.00 | OK | |
r-oldrel-macos-arm64 | 0.1.1.5 | 78.00 | NOTE | |||
r-oldrel-macos-x86_64 | 0.1.1.5 | 140.00 | NOTE | |||
r-oldrel-windows-x86_64 | 0.1.1.5 | 87.00 | 150.00 | 237.00 | OK |
Version: 0.1.1.5
Check: installed package size
Result: NOTE
installed size is 5.4Mb
sub-directories of 1Mb or more:
libs 4.9Mb
Flavors: r-oldrel-macos-arm64, r-oldrel-macos-x86_64