Last updated on 2023-02-02 11:53:51 CET.
Flavor | Version | Tinstall | Tcheck | Ttotal | Status | Flags |
---|---|---|---|---|---|---|
r-devel-linux-x86_64-debian-clang | 1.2 | 1.96 | 27.82 | 29.78 | NOTE | |
r-devel-linux-x86_64-debian-gcc | 1.2 | 2.10 | 22.15 | 24.25 | NOTE | |
r-devel-linux-x86_64-fedora-clang | 1.2 | 41.18 | NOTE | |||
r-devel-linux-x86_64-fedora-gcc | 1.2 | 49.74 | NOTE | |||
r-devel-windows-x86_64 | 1.2 | 103.00 | 78.00 | 181.00 | NOTE | |
r-patched-linux-x86_64 | 1.2 | 2.44 | 27.67 | 30.11 | OK | |
r-release-linux-x86_64 | 1.2 | 2.37 | 27.97 | 30.34 | OK | |
r-release-macos-arm64 | 1.2 | 19.00 | OK | |||
r-release-macos-x86_64 | 1.2 | 28.00 | OK | |||
r-release-windows-x86_64 | 1.2 | 7.00 | 69.00 | 76.00 | OK | |
r-oldrel-macos-arm64 | 1.2 | 23.00 | OK | |||
r-oldrel-macos-x86_64 | 1.2 | 37.00 | OK | |||
r-oldrel-windows-ix86+x86_64 | 1.2 | 5.00 | 47.00 | 52.00 | OK |
Version: 1.2
Check: Rd files
Result: NOTE
checkRd: (-1) optimalfrequency.Rd:29: Escaped LaTeX specials: \$
checkRd: (-1) optimalfrequency.Rd:30: Escaped LaTeX specials: \$
checkRd: (-1) optimalfrequency.Rd:31: Escaped LaTeX specials: \$
Flavors: r-devel-linux-x86_64-debian-clang, r-devel-linux-x86_64-debian-gcc, r-devel-linux-x86_64-fedora-clang, r-devel-linux-x86_64-fedora-gcc, r-devel-windows-x86_64