CRAN Package Check Results for Package AlgebraicHaploPackage

Last updated on 2022-07-03 11:53:31 CEST.

Flavor Version Tinstall Tcheck Ttotal Status Flags
r-devel-linux-x86_64-debian-clang 1.2 2.58 28.33 30.91 NOTE
r-devel-linux-x86_64-debian-gcc 1.2 2.04 22.35 24.39 NOTE
r-devel-linux-x86_64-fedora-clang 1.2 50.05 NOTE
r-devel-linux-x86_64-fedora-gcc 1.2 48.87 NOTE
r-devel-windows-x86_64 1.2 63.00 69.00 132.00 NOTE
r-patched-linux-x86_64 1.2 2.08 27.66 29.74 OK
r-release-linux-x86_64 1.2 2.60 28.75 31.35 OK
r-release-macos-arm64 1.2 19.00 OK
r-release-macos-x86_64 1.2 28.00 OK
r-release-windows-x86_64 1.2 7.00 69.00 76.00 OK
r-oldrel-macos-arm64 1.2 23.00 OK
r-oldrel-macos-x86_64 1.2 37.00 OK
r-oldrel-windows-ix86+x86_64 1.2 5.00 47.00 52.00 OK

Check Details

Version: 1.2
Check: Rd files
Result: NOTE
    checkRd: (-1) optimalfrequency.Rd:29: Escaped LaTeX specials: \$
    checkRd: (-1) optimalfrequency.Rd:30: Escaped LaTeX specials: \$
    checkRd: (-1) optimalfrequency.Rd:31: Escaped LaTeX specials: \$
Flavors: r-devel-linux-x86_64-debian-clang, r-devel-linux-x86_64-debian-gcc, r-devel-linux-x86_64-fedora-clang, r-devel-linux-x86_64-fedora-gcc, r-devel-windows-x86_64