Last updated on 2023-09-25 12:01:33 CEST.
Flavor | Version | Tinstall | Tcheck | Ttotal | Status | Flags |
---|---|---|---|---|---|---|
r-devel-linux-x86_64-debian-clang | 0.3.12 | 9.38 | 86.90 | 96.28 | OK | |
r-devel-linux-x86_64-debian-gcc | 0.3.12 | 6.33 | 63.82 | 70.15 | OK | |
r-devel-linux-x86_64-fedora-clang | 0.3.12 | 118.14 | NOTE | |||
r-devel-linux-x86_64-fedora-gcc | 0.3.12 | 137.08 | NOTE | |||
r-devel-windows-x86_64 | 0.3.12 | 10.00 | 112.00 | 122.00 | OK | |
r-patched-linux-x86_64 | 0.3.12 | 6.79 | 82.97 | 89.76 | OK | |
r-release-linux-x86_64 | 0.3.12 | 5.72 | 81.73 | 87.45 | OK | |
r-release-macos-arm64 | 0.3.12 | 52.00 | OK | |||
r-release-macos-x86_64 | 0.3.12 | 120.00 | OK | |||
r-release-windows-x86_64 | 0.3.12 | 13.00 | 125.00 | 138.00 | OK | |
r-oldrel-macos-arm64 | 0.3.12 | 45.00 | OK | |||
r-oldrel-macos-x86_64 | 0.3.12 | 54.00 | OK | |||
r-oldrel-windows-x86_64 | 0.3.12 | 13.00 | 112.00 | 125.00 | OK |
Version: 0.3.12
Check: data for non-ASCII characters
Result: NOTE
Note: found 1 marked UTF-8 string
Flavors: r-devel-linux-x86_64-fedora-clang, r-devel-linux-x86_64-fedora-gcc