CRAN Package Check Results for Package AggregateR

Last updated on 2022-06-26 11:52:25 CEST.

Flavor Version Tinstall Tcheck Ttotal Status Flags
r-devel-linux-x86_64-debian-clang 0.1.1 4.25 45.44 49.69 NOTE
r-devel-linux-x86_64-debian-gcc 0.1.1 4.04 33.88 37.92 NOTE
r-devel-linux-x86_64-fedora-clang 0.1.1 71.15 NOTE
r-devel-linux-x86_64-fedora-gcc 0.1.1 68.50 NOTE
r-devel-windows-x86_64 0.1.1 15.00 75.00 90.00 NOTE
r-patched-linux-x86_64 0.1.1 4.87 42.06 46.93 NOTE
r-release-linux-x86_64 0.1.1 4.74 43.70 48.44 NOTE
r-release-macos-arm64 0.1.1 22.00 NOTE
r-release-macos-x86_64 0.1.1 31.00 NOTE
r-release-windows-x86_64 0.1.1 11.00 75.00 86.00 NOTE
r-oldrel-macos-arm64 0.1.1 26.00 NOTE
r-oldrel-macos-x86_64 0.1.1 37.00 NOTE
r-oldrel-windows-ix86+x86_64 0.1.1 12.00 63.00 75.00 NOTE

Check Details

Version: 0.1.1
Check: LazyData
Result: NOTE
     'LazyData' is specified without a 'data' directory
Flavors: r-devel-linux-x86_64-debian-clang, r-devel-linux-x86_64-debian-gcc, r-devel-linux-x86_64-fedora-clang, r-devel-linux-x86_64-fedora-gcc, r-devel-windows-x86_64, r-patched-linux-x86_64, r-release-linux-x86_64, r-release-macos-arm64, r-release-macos-x86_64, r-release-windows-x86_64, r-oldrel-macos-arm64, r-oldrel-macos-x86_64, r-oldrel-windows-ix86+x86_64